CRAN Package Check Results for Package longitudinalData

Last updated on 2022-05-26 21:50:09 CEST.

Flavor Version Tinstall Tcheck Ttotal Status Flags
r-devel-linux-x86_64-debian-clang 2.4.1 15.59 97.78 113.37 NOTE
r-devel-linux-x86_64-debian-gcc 2.4.1 11.82 79.98 91.80 NOTE
r-devel-linux-x86_64-fedora-clang 2.4.1 131.95 NOTE
r-devel-linux-x86_64-fedora-gcc 2.4.1 121.74 NOTE
r-devel-windows-x86_64 2.4.1 169.00 101.00 270.00 OK
r-patched-linux-x86_64 2.4.1 15.06 92.64 107.70 NOTE
r-release-linux-x86_64 2.4.1 14.84 93.80 108.64 NOTE
r-release-macos-arm64 2.4.1 41.00 OK
r-release-macos-x86_64 2.4.1 67.00 OK
r-release-windows-x86_64 2.4.1 196.00 102.00 298.00 OK
r-oldrel-macos-arm64 2.4.1 94.00 OK
r-oldrel-macos-x86_64 2.4.1 93.00 OK
r-oldrel-windows-ix86+x86_64 2.4.1 25.00 96.00 121.00 OK

Check Details

Version: 2.4.1
Check: for non-standard things in the check directory
Result: NOTE
    Found the following files/directories:
     'main.tex' 'scene.asy'
Flavors: r-devel-linux-x86_64-debian-clang, r-devel-linux-x86_64-debian-gcc, r-devel-linux-x86_64-fedora-clang, r-devel-linux-x86_64-fedora-gcc, r-patched-linux-x86_64, r-release-linux-x86_64