CRAN Package Check Results for Package lorec

Last updated on 2025-01-17 20:49:22 CET.

Flavor Version Tinstall Tcheck Ttotal Status Flags
r-devel-linux-x86_64-debian-clang 0.6.1 2.62 15.75 18.37 NOTE
r-devel-linux-x86_64-debian-gcc 0.6.1 2.03 13.02 15.05 NOTE
r-devel-linux-x86_64-fedora-clang 0.6.1 31.25 NOTE
r-devel-linux-x86_64-fedora-gcc 0.6.1 31.09 NOTE
r-devel-windows-x86_64 0.6.1 6.00 46.00 52.00 NOTE
r-patched-linux-x86_64 0.6.1 2.15 15.19 17.34 NOTE
r-release-linux-x86_64 0.6.1 2.41 15.23 17.64 NOTE
r-release-macos-arm64 0.6.1 15.00 NOTE
r-release-macos-x86_64 0.6.1 21.00 NOTE
r-release-windows-x86_64 0.6.1 6.00 44.00 50.00 NOTE
r-oldrel-macos-arm64 0.6.1 17.00 NOTE
r-oldrel-macos-x86_64 0.6.1 21.00 NOTE
r-oldrel-windows-x86_64 0.6.1 5.00 45.00 50.00 NOTE

Check Details

Version: 0.6.1
Check: DESCRIPTION meta-information
Result: NOTE Malformed Description field: should contain one or more complete sentences. Flavors: r-devel-linux-x86_64-debian-clang, r-devel-linux-x86_64-debian-gcc, r-devel-linux-x86_64-fedora-clang, r-devel-linux-x86_64-fedora-gcc, r-devel-windows-x86_64, r-patched-linux-x86_64, r-release-linux-x86_64, r-release-macos-arm64, r-release-macos-x86_64, r-release-windows-x86_64, r-oldrel-macos-arm64, r-oldrel-macos-x86_64, r-oldrel-windows-x86_64

Version: 0.6.1
Check: compiled code
Result: NOTE File ‘lorec/libs/lorec.so’: Found no calls to: ‘R_registerRoutines’, ‘R_useDynamicSymbols’ It is good practice to register native routines and to disable symbol search. See ‘Writing portable packages’ in the ‘Writing R Extensions’ manual. Flavors: r-devel-linux-x86_64-fedora-clang, r-devel-linux-x86_64-fedora-gcc

Version: 0.6.1
Check: package dependencies
Result: NOTE Package suggested but not available for checking: ‘scio’ Flavors: r-patched-linux-x86_64, r-release-linux-x86_64, r-release-macos-arm64, r-release-macos-x86_64, r-release-windows-x86_64, r-oldrel-macos-arm64, r-oldrel-macos-x86_64, r-oldrel-windows-x86_64