CRAN Package Check Results for Package lorenz

Last updated on 2022-05-26 08:52:44 CEST.

Flavor Version Tinstall Tcheck Ttotal Status Flags
r-devel-linux-x86_64-debian-clang 0.1.0 2.72 34.43 37.15 NOTE
r-devel-linux-x86_64-debian-gcc 0.1.0 2.40 29.38 31.78 NOTE
r-devel-linux-x86_64-fedora-clang 0.1.0 45.26 NOTE
r-devel-linux-x86_64-fedora-gcc 0.1.0 33.91 NOTE
r-devel-windows-x86_64 0.1.0 9.00 51.00 60.00 NOTE
r-patched-linux-x86_64 0.1.0 2.34 33.66 36.00 NOTE
r-release-linux-x86_64 0.1.0 NOTE
r-release-macos-arm64 0.1.0 16.00 NOTE
r-release-macos-x86_64 0.1.0 25.00 NOTE
r-release-windows-x86_64 0.1.0 10.00 50.00 60.00 NOTE
r-oldrel-macos-arm64 0.1.0 18.00 NOTE
r-oldrel-macos-x86_64 0.1.0 28.00 NOTE
r-oldrel-windows-ix86+x86_64 0.1.0 7.00 44.00 51.00 NOTE

Check Details

Version: 0.1.0
Check: LazyData
Result: NOTE
     'LazyData' is specified without a 'data' directory
Flavors: r-devel-linux-x86_64-debian-clang, r-devel-linux-x86_64-debian-gcc, r-devel-linux-x86_64-fedora-clang, r-devel-linux-x86_64-fedora-gcc, r-devel-windows-x86_64, r-patched-linux-x86_64, r-release-linux-x86_64, r-release-macos-arm64, r-release-macos-x86_64, r-release-windows-x86_64, r-oldrel-macos-arm64, r-oldrel-macos-x86_64, r-oldrel-windows-ix86+x86_64