Last updated on 2021-04-15 06:47:48 CEST.
Flavor | Version | Tinstall | Tcheck | Ttotal | Status | Flags |
---|---|---|---|---|---|---|
r-devel-linux-x86_64-debian-clang | 0.1 | 2.33 | 33.83 | 36.16 | NOTE | |
r-devel-linux-x86_64-debian-gcc | 0.1 | 1.84 | 26.10 | 27.94 | NOTE | |
r-devel-linux-x86_64-fedora-clang | 0.1 | 53.96 | NOTE | |||
r-devel-linux-x86_64-fedora-gcc | 0.1 | 43.88 | NOTE | |||
r-devel-windows-ix86+x86_64 | 0.1 | 5.00 | 5.00 | 10.00 | ERROR | |
r-devel-windows-x86_64-gcc10-UCRT | 0.1 | NOTE | ||||
r-patched-linux-x86_64 | 0.1 | 2.25 | 32.82 | 35.07 | OK | |
r-patched-solaris-x86 | 0.1 | 97.60 | NOTE | |||
r-release-linux-x86_64 | 0.1 | 2.36 | 32.72 | 35.08 | OK | |
r-release-macos-x86_64 | 0.1 | NOTE | ||||
r-release-windows-ix86+x86_64 | 0.1 | 15.00 | 52.00 | 67.00 | OK | |
r-oldrel-macos-x86_64 | 0.1 | NOTE | ||||
r-oldrel-windows-ix86+x86_64 | 0.1 | 4.00 | 37.00 | 41.00 | OK |
Version: 0.1
Check: LazyData
Result: NOTE
'LazyData' is specified without a 'data' directory
Flavors: r-devel-linux-x86_64-debian-clang, r-devel-linux-x86_64-debian-gcc, r-devel-linux-x86_64-fedora-clang, r-devel-linux-x86_64-fedora-gcc, r-devel-windows-x86_64-gcc10-UCRT
Version: 0.1
Check: dependencies in R code
Result: NOTE
Namespace in Imports field not imported from: ‘Matrix’
All declared Imports should be used.
Flavors: r-devel-linux-x86_64-fedora-clang, r-devel-linux-x86_64-fedora-gcc, r-devel-windows-x86_64-gcc10-UCRT, r-patched-solaris-x86, r-release-macos-x86_64, r-oldrel-macos-x86_64
Version: 0.1
Check: whether package can be installed
Result: ERROR
Installation failed.
Flavor: r-devel-windows-ix86+x86_64