CRAN Package Check Results for Package lsl

Last updated on 2024-05-25 17:56:06 CEST.

Flavor Version Tinstall Tcheck Ttotal Status Flags
r-devel-linux-x86_64-debian-clang 0.5.6 9.45 63.25 72.70 NOTE
r-devel-linux-x86_64-debian-gcc 0.5.6 5.97 47.65 53.62 NOTE
r-devel-linux-x86_64-fedora-clang 0.5.6 90.86 NOTE
r-devel-linux-x86_64-fedora-gcc 0.5.6 86.93 NOTE
r-devel-windows-x86_64 0.5.6 9.00 64.00 73.00 NOTE
r-patched-linux-x86_64 0.5.6 7.89 60.17 68.06 NOTE
r-release-linux-x86_64 0.5.6 6.37 59.55 65.92 NOTE
r-release-macos-arm64 0.5.6 28.00 NOTE
r-release-windows-x86_64 0.5.6 8.00 64.00 72.00 NOTE
r-oldrel-macos-arm64 0.5.6 31.00 NOTE
r-oldrel-macos-x86_64 0.5.6 47.00 NOTE
r-oldrel-windows-x86_64 0.5.6 11.00 76.00 87.00 NOTE

Check Details

Version: 0.5.6
Check: LazyData
Result: NOTE 'LazyData' is specified without a 'data' directory Flavors: r-devel-linux-x86_64-debian-clang, r-devel-linux-x86_64-debian-gcc, r-devel-linux-x86_64-fedora-clang, r-devel-linux-x86_64-fedora-gcc, r-devel-windows-x86_64, r-patched-linux-x86_64, r-release-linux-x86_64, r-release-macos-arm64, r-release-windows-x86_64, r-oldrel-macos-arm64, r-oldrel-macos-x86_64, r-oldrel-windows-x86_64