CRAN Package Check Results for Package lslx

Last updated on 2022-08-09 03:53:03 CEST.

Flavor Version Tinstall Tcheck Ttotal Status Flags
r-devel-linux-x86_64-debian-clang 0.6.10 178.09 96.62 274.71 WARN
r-devel-linux-x86_64-debian-gcc 0.6.10 146.05 75.44 221.49 NOTE
r-devel-linux-x86_64-fedora-clang 0.6.10 387.34 WARN
r-devel-linux-x86_64-fedora-gcc 0.6.10 363.73 NOTE
r-devel-windows-x86_64 0.6.10 113.00 156.00 269.00 NOTE
r-patched-linux-x86_64 0.6.10 146.68 92.80 239.48 NOTE
r-release-linux-x86_64 0.6.10 NOTE
r-release-macos-arm64 0.6.10 95.00 NOTE
r-release-macos-x86_64 0.6.10 163.00 NOTE
r-release-windows-x86_64 0.6.10 178.00 165.00 343.00 NOTE
r-oldrel-macos-arm64 0.6.10 128.00 NOTE
r-oldrel-macos-x86_64 0.6.10 142.00 NOTE
r-oldrel-windows-ix86+x86_64 0.6.10 354.00 167.00 521.00 NOTE

Additional issues

clang14

Check Details

Version: 0.6.10
Check: whether package can be installed
Result: WARN
    Found the following significant warnings:
     compute-moment.cpp:121:9: warning: use of bitwise '&' with boolean operands [-Wbitwise-instead-of-logical]
     lslxOptimizer.cpp:136:7: warning: use of bitwise '|' with boolean operands [-Wbitwise-instead-of-logical]
     lslxOptimizer.cpp:493:15: warning: use of bitwise '|' with boolean operands [-Wbitwise-instead-of-logical]
     lslxOptimizer.cpp:588:15: warning: use of bitwise '|' with boolean operands [-Wbitwise-instead-of-logical]
     lslxOptimizer.cpp:770:16: warning: use of bitwise '|' with boolean operands [-Wbitwise-instead-of-logical]
     lslxOptimizer.cpp:807:14: warning: use of bitwise '|' with boolean operands [-Wbitwise-instead-of-logical]
     lslxOptimizer.cpp:817:7: warning: use of bitwise '|' with boolean operands [-Wbitwise-instead-of-logical]
     lslxOptimizer.cpp:833:16: warning: use of bitwise '|' with boolean operands [-Wbitwise-instead-of-logical]
     lslxOptimizer.cpp:961:16: warning: use of bitwise '|' with boolean operands [-Wbitwise-instead-of-logical]
     lslxOptimizer.cpp:1079:13: warning: use of bitwise '&' with boolean operands [-Wbitwise-instead-of-logical]
     lslxOptimizer.cpp:1081:20: warning: use of bitwise '&' with boolean operands [-Wbitwise-instead-of-logical]
     lslxOptimizer.cpp:1083:20: warning: use of bitwise '|' with boolean operands [-Wbitwise-instead-of-logical]
     lslxOptimizer.cpp:1145:9: warning: use of bitwise '|' with boolean operands [-Wbitwise-instead-of-logical]
     lslxOptimizer.cpp:1149:16: warning: use of bitwise '|' with boolean operands [-Wbitwise-instead-of-logical]
     lslxOptimizer.cpp:1159:11: warning: use of bitwise '|' with boolean operands [-Wbitwise-instead-of-logical]
     lslxOptimizer.cpp:1254:9: warning: use of bitwise '|' with boolean operands [-Wbitwise-instead-of-logical]
     lslxOptimizer.cpp:1258:16: warning: use of bitwise '|' with boolean operands [-Wbitwise-instead-of-logical]
     lslxOptimizer.cpp:1264:9: warning: use of bitwise '|' with boolean operands [-Wbitwise-instead-of-logical]
     lslxOptimizer.cpp:1419:13: warning: use of bitwise '|' with boolean operands [-Wbitwise-instead-of-logical]
     lslxOptimizer.cpp:1424:20: warning: use of bitwise '|' with boolean operands [-Wbitwise-instead-of-logical]
     lslxOptimizer.cpp:1430:18: warning: use of bitwise '|' with boolean operands [-Wbitwise-instead-of-logical]
     lslxOptimizer.cpp:1466:14: warning: use of bitwise '|' with boolean operands [-Wbitwise-instead-of-logical]
     lslxOptimizer.cpp:1547:11: warning: use of bitwise '|' with boolean operands [-Wbitwise-instead-of-logical]
     lslxOptimizer.cpp:1603:7: warning: use of bitwise '&' with boolean operands [-Wbitwise-instead-of-logical]
Flavors: r-devel-linux-x86_64-debian-clang, r-devel-linux-x86_64-fedora-clang

Version: 0.6.10
Check: LazyData
Result: NOTE
     'LazyData' is specified without a 'data' directory
Flavors: r-devel-linux-x86_64-debian-clang, r-devel-linux-x86_64-debian-gcc, r-devel-linux-x86_64-fedora-clang, r-devel-linux-x86_64-fedora-gcc, r-devel-windows-x86_64, r-patched-linux-x86_64, r-release-linux-x86_64, r-release-macos-arm64, r-release-macos-x86_64, r-release-windows-x86_64, r-oldrel-macos-arm64, r-oldrel-macos-x86_64, r-oldrel-windows-ix86+x86_64

Version: 0.6.10
Check: installed package size
Result: NOTE
     installed size is 45.4Mb
     sub-directories of 1Mb or more:
     doc 1.6Mb
     libs 43.2Mb
Flavors: r-devel-linux-x86_64-fedora-clang, r-release-macos-arm64, r-release-macos-x86_64, r-oldrel-macos-arm64, r-oldrel-macos-x86_64, r-oldrel-windows-ix86+x86_64

Version: 0.6.10
Check: dependencies in R code
Result: NOTE
    Namespace in Imports field not imported from: ‘lavaan’
     All declared Imports should be used.
Flavors: r-devel-linux-x86_64-fedora-clang, r-devel-linux-x86_64-fedora-gcc, r-release-macos-arm64, r-release-macos-x86_64, r-oldrel-macos-arm64, r-oldrel-macos-x86_64