Last updated on 2023-03-24 19:49:51 CET.
Flavor | Version | Tinstall | Tcheck | Ttotal | Status | Flags |
---|---|---|---|---|---|---|
r-devel-linux-x86_64-debian-clang | 0.4 | 16.19 | 106.45 | 122.64 | NOTE | |
r-devel-linux-x86_64-debian-gcc | 0.4 | 14.12 | 79.84 | 93.96 | NOTE | |
r-devel-linux-x86_64-fedora-clang | 0.4 | 152.11 | NOTE | |||
r-devel-linux-x86_64-fedora-gcc | 0.4 | 151.24 | NOTE | |||
r-patched-linux-x86_64 | 0.4 | 20.40 | 99.87 | 120.27 | NOTE | |
r-release-linux-x86_64 | 0.4 | 16.82 | 99.27 | 116.09 | NOTE | |
r-release-macos-arm64 | 0.4 | 42.00 | NOTE | |||
r-release-macos-x86_64 | 0.4 | 76.00 | NOTE | |||
r-release-windows-x86_64 | 0.4 | 26.00 | 126.00 | 152.00 | NOTE | |
r-oldrel-macos-arm64 | 0.4 | 57.00 | NOTE | |||
r-oldrel-macos-x86_64 | 0.4 | 62.00 | NOTE | |||
r-oldrel-windows-ix86+x86_64 | 0.4 | 31.00 | 166.00 | 197.00 | NOTE |
Version: 0.4
Check: LazyData
Result: NOTE
'LazyData' is specified without a 'data' directory
Flavors: r-devel-linux-x86_64-debian-clang, r-devel-linux-x86_64-debian-gcc, r-devel-linux-x86_64-fedora-clang, r-devel-linux-x86_64-fedora-gcc, r-patched-linux-x86_64, r-release-linux-x86_64, r-release-macos-arm64, r-release-macos-x86_64, r-release-windows-x86_64, r-oldrel-macos-arm64, r-oldrel-macos-x86_64, r-oldrel-windows-ix86+x86_64