CRAN Package Check Results for Package m2b

Last updated on 2022-01-25 19:50:36 CET.

Flavor Version Tinstall Tcheck Ttotal Status Flags
r-devel-linux-x86_64-debian-clang 1.0 6.74 111.40 118.14 OK
r-devel-linux-x86_64-debian-gcc 1.0 5.57 83.81 89.38 OK
r-devel-linux-x86_64-fedora-clang 1.0 141.15 NOTE
r-devel-linux-x86_64-fedora-gcc 1.0 127.21 NOTE
r-devel-windows-x86_64-new-UL 1.0 29.00 141.00 170.00 OK
r-devel-windows-x86_64-new-TK 1.0 NOTE
r-patched-linux-x86_64 1.0 9.51 91.57 101.08 OK
r-release-linux-x86_64 1.0 4.79 90.24 95.03 OK
r-release-macos-arm64 1.0 NOTE
r-release-macos-x86_64 1.0 NOTE
r-release-windows-ix86+x86_64 1.0 17.00 115.00 132.00 OK
r-oldrel-macos-x86_64 1.0 NOTE
r-oldrel-windows-ix86+x86_64 1.0 16.00 114.00 130.00 OK

Check Details

Version: 1.0
Check: dependencies in R code
Result: NOTE
    Namespaces in Imports field not imported from:
     ‘e1071’ ‘utils’
     All declared Imports should be used.
Flavors: r-devel-linux-x86_64-fedora-clang, r-devel-linux-x86_64-fedora-gcc, r-devel-windows-x86_64-new-TK, r-release-macos-arm64, r-release-macos-x86_64, r-oldrel-macos-x86_64