CRAN Package Check Results for Package mRMRe

Last updated on 2021-03-07 13:47:42 CET.

Flavor Version Tinstall Tcheck Ttotal Status Flags
r-devel-linux-x86_64-debian-clang 2.1.0 13.99 97.52 111.51 OK
r-devel-linux-x86_64-debian-gcc 2.1.0 10.08 72.26 82.34 OK
r-devel-linux-x86_64-fedora-clang 2.1.0 151.35 OK
r-devel-linux-x86_64-fedora-gcc 2.1.0 129.22 OK
r-devel-windows-ix86+x86_64 2.1.0 34.00 170.00 204.00 OK
r-devel-windows-x86_64-gcc10-UCRT 2.1.0 OK
r-patched-linux-x86_64 2.1.0 13.81 88.28 102.09 OK
r-patched-solaris-x86 2.1.0 194.30 OK
r-release-linux-x86_64 2.1.0 14.09 88.69 102.78 OK
r-release-macos-x86_64 2.1.0 WARN
r-release-windows-ix86+x86_64 2.1.0 34.00 141.00 175.00 OK
r-oldrel-macos-x86_64 2.1.0 OK
r-oldrel-windows-ix86+x86_64 2.1.0 28.00 119.00 147.00 OK

Check Details

Version: 2.1.0
Check: data for ASCII and uncompressed saves
Result: WARN
    
     Note: significantly better compression could be obtained
     by using R CMD build --resave-data
     old_size new_size compress
     cgps.rda 1.5Mb 1.4Mb xz
Flavor: r-release-macos-x86_64