CRAN Package Check Results for Package maGUI

Last updated on 2024-07-21 01:55:13 CEST.

Flavor Version Tinstall Tcheck Ttotal Status Flags
r-devel-linux-x86_64-fedora-clang 4.0 75.57 OK
r-devel-linux-x86_64-fedora-gcc 4.0 66.75 OK
r-devel-windows-x86_64 4.0 6.00 62.00 68.00 OK
r-release-macos-arm64 4.0 33.00 NOTE
r-release-macos-x86_64 4.0 38.00 NOTE
r-release-windows-x86_64 4.0 6.00 51.00 57.00 OK
r-oldrel-macos-arm64 4.0 25.00 NOTE
r-oldrel-macos-x86_64 4.0 46.00 NOTE
r-oldrel-windows-x86_64 4.0 6.00 53.00 59.00 OK

Check Details

Version: 4.0
Check: package dependencies
Result: NOTE Packages suggested but not available for checking: 'lumi', 'beadarray' Flavor: r-release-macos-arm64

Version: 4.0
Check: package dependencies
Result: NOTE Package suggested but not available for checking: ‘lumi’ Flavor: r-release-macos-x86_64

Version: 4.0
Check: package dependencies
Result: NOTE Packages suggested but not available for checking: 'ssize', 'GEOquery', 'GEOmetadb', 'WGCNA', 'pdInfoBuilder', 'lumi', 'oligo', 'GOstats' Flavor: r-oldrel-macos-arm64

Version: 4.0
Check: package dependencies
Result: NOTE Packages suggested but not available for checking: 'ssize', 'WGCNA', 'KEGGgraph', 'pdInfoBuilder', 'lumi', 'oligo', 'affy', 'genefilter', 'beadarray', 'GOstats', 'Category', 'impute' Flavor: r-oldrel-macos-x86_64