CRAN Package Check Results for Package machQA

Last updated on 2020-02-23 10:48:55 CET.

Flavor Version Tinstall Tcheck Ttotal Status Flags
r-devel-linux-x86_64-debian-clang 0.1.4 5.92 36.20 42.12 OK
r-devel-linux-x86_64-debian-gcc 0.1.4 4.69 28.45 33.14 OK
r-devel-linux-x86_64-fedora-clang 0.1.4 52.50 NOTE
r-devel-linux-x86_64-fedora-gcc 0.1.4 49.91 OK
r-devel-windows-ix86+x86_64 0.1.4 19.00 50.00 69.00 NOTE
r-devel-windows-ix86+x86_64-gcc8 0.1.4 35.00 83.00 118.00 NOTE
r-patched-linux-x86_64 0.1.4 OK
r-patched-solaris-x86 0.1.4 80.30 NOTE
r-release-linux-x86_64 0.1.4 5.03 33.04 38.07 OK
r-release-windows-ix86+x86_64 0.1.4 13.00 50.00 63.00 NOTE
r-release-osx-x86_64 0.1.4 NOTE
r-oldrel-windows-ix86+x86_64 0.1.4 13.00 54.00 67.00 NOTE
r-oldrel-osx-x86_64 0.1.4 NOTE

Check Details

Version: 0.1.4
Check: installed package size
Result: NOTE
     installed size is 12.3Mb
     sub-directories of 1Mb or more:
     TS_files 5.9Mb
     base_files 6.3Mb
Flavors: r-devel-linux-x86_64-fedora-clang, r-devel-windows-ix86+x86_64, r-devel-windows-ix86+x86_64-gcc8, r-patched-solaris-x86, r-release-windows-ix86+x86_64, r-release-osx-x86_64, r-oldrel-windows-ix86+x86_64, r-oldrel-osx-x86_64