CRAN Package Check Results for Package mafs

Last updated on 2019-12-10 06:48:09 CET.

Flavor Version Tinstall Tcheck Ttotal Status Flags
r-devel-linux-x86_64-debian-clang 0.0.3 6.22 58.60 64.82 OK
r-devel-linux-x86_64-debian-gcc 0.0.3 5.68 46.06 51.74 OK
r-devel-linux-x86_64-fedora-clang 0.0.3 76.65 NOTE
r-devel-linux-x86_64-fedora-gcc 0.0.3 73.87 NOTE
r-devel-windows-ix86+x86_64 0.0.3 16.00 101.00 117.00 OK
r-devel-windows-ix86+x86_64-gcc8 0.0.3 18.00 124.00 142.00 OK
r-patched-linux-x86_64 0.0.3 5.18 51.40 56.58 OK
r-patched-solaris-x86 0.0.3 105.80 NOTE
r-release-linux-x86_64 0.0.3 5.57 51.94 57.51 OK
r-release-windows-ix86+x86_64 0.0.3 13.00 66.00 79.00 OK
r-release-osx-x86_64 0.0.3 NOTE
r-oldrel-windows-ix86+x86_64 0.0.3 6.00 65.00 71.00 OK
r-oldrel-osx-x86_64 0.0.3 NOTE

Check Details

Version: 0.0.3
Check: dependencies in R code
Result: NOTE
    Namespaces in Imports field not imported from:
     ‘Rcpp’ ‘cmprsk’ ‘colorspace’ ‘etm’ ‘fracdiff’ ‘gtable’ ‘munsell’
     ‘numDeriv’ ‘plyr’ ‘quadprog’ ‘scales’ ‘timeDate’ ‘tseries’ ‘zoo’
     All declared Imports should be used.
Flavors: r-devel-linux-x86_64-fedora-clang, r-devel-linux-x86_64-fedora-gcc, r-patched-solaris-x86, r-release-osx-x86_64, r-oldrel-osx-x86_64