CRAN Package Check Results for Package makemyprior

Last updated on 2022-10-02 17:51:45 CEST.

Flavor Version Tinstall Tcheck Ttotal Status Flags
r-devel-linux-x86_64-debian-clang 1.1.0 23.91 179.36 203.27 NOTE
r-devel-linux-x86_64-debian-gcc 1.1.0 13.64 132.15 145.79 NOTE
r-devel-linux-x86_64-fedora-clang 1.1.0 266.45 OK
r-devel-linux-x86_64-fedora-gcc 1.1.0 246.48 OK
r-devel-windows-x86_64 1.1.0 113.00 215.00 328.00 NOTE
r-patched-linux-x86_64 1.1.0 22.15 168.08 190.23 NOTE
r-release-linux-x86_64 1.1.0 19.04 166.17 185.21 NOTE
r-release-macos-arm64 1.1.0 79.00 NOTE
r-release-macos-x86_64 1.1.0 130.00 NOTE
r-release-windows-x86_64 1.1.0 102.00 218.00 320.00 NOTE
r-oldrel-macos-arm64 1.1.0 77.00 NOTE
r-oldrel-macos-x86_64 1.1.0 124.00 NOTE
r-oldrel-windows-ix86+x86_64 1.1.0 41.00 205.00 246.00 OK

Check Details

Version: 1.1.0
Check: package dependencies
Result: NOTE
    Package suggested but not available for checking: 'INLA'
Flavors: r-devel-linux-x86_64-debian-clang, r-devel-linux-x86_64-debian-gcc, r-devel-windows-x86_64, r-patched-linux-x86_64, r-release-linux-x86_64, r-release-macos-arm64, r-release-macos-x86_64, r-release-windows-x86_64, r-oldrel-macos-arm64, r-oldrel-macos-x86_64

Version: 1.1.0
Check: Rd cross-references
Result: NOTE
    Package unavailable to check Rd xrefs: 'INLA'
Flavors: r-devel-linux-x86_64-debian-clang, r-devel-linux-x86_64-debian-gcc, r-devel-windows-x86_64, r-patched-linux-x86_64, r-release-linux-x86_64, r-release-macos-arm64, r-release-macos-x86_64, r-release-windows-x86_64, r-oldrel-macos-arm64, r-oldrel-macos-x86_64