Last updated on 2023-02-04 09:56:36 CET.
Flavor | Version | Tinstall | Tcheck | Ttotal | Status | Flags |
---|---|---|---|---|---|---|
r-devel-linux-x86_64-debian-clang | 1.0.2 | 338.81 | 100.87 | 439.68 | NOTE | |
r-devel-linux-x86_64-debian-gcc | 1.0.2 | 255.80 | 74.81 | 330.61 | NOTE | |
r-devel-linux-x86_64-fedora-clang | 1.0.2 | 647.42 | NOTE | |||
r-devel-linux-x86_64-fedora-gcc | 1.0.2 | 574.77 | NOTE | |||
r-devel-windows-x86_64 | 1.0.2 | 285.00 | 176.00 | 461.00 | NOTE | |
r-patched-linux-x86_64 | 1.0.2 | 232.28 | 94.59 | 326.87 | OK | |
r-release-linux-x86_64 | 1.0.2 | 258.51 | 92.60 | 351.11 | OK | |
r-release-macos-arm64 | 1.0.2 | 141.00 | NOTE | |||
r-release-macos-x86_64 | 1.0.2 | 234.00 | NOTE | |||
r-release-windows-x86_64 | 1.0.2 | 280.00 | 179.00 | 459.00 | OK | |
r-oldrel-macos-arm64 | 1.0.2 | 188.00 | NOTE | |||
r-oldrel-macos-x86_64 | 1.0.2 | 241.00 | NOTE | |||
r-oldrel-windows-ix86+x86_64 | 1.0.2 | 785.00 | 185.00 | 970.00 | OK |
Version: 1.0.2
Check: C++ specification
Result: NOTE
Specified C++11: please update to current default of C++17
Flavors: r-devel-linux-x86_64-debian-clang, r-devel-linux-x86_64-debian-gcc, r-devel-linux-x86_64-fedora-clang, r-devel-linux-x86_64-fedora-gcc, r-devel-windows-x86_64
Version: 1.0.2
Check: installed package size
Result: NOTE
installed size is 11.0Mb
sub-directories of 1Mb or more:
libs 10.0Mb
Flavors: r-release-macos-arm64, r-release-macos-x86_64, r-oldrel-macos-arm64, r-oldrel-macos-x86_64