Last updated on 2023-12-09 06:48:30 CET.
Flavor | Version | Tinstall | Tcheck | Ttotal | Status | Flags |
---|---|---|---|---|---|---|
r-devel-linux-x86_64-debian-clang | 1.0.3 | 287.67 | 110.17 | 397.84 | OK | |
r-devel-linux-x86_64-debian-gcc | 1.0.3 | 238.72 | 82.11 | 320.83 | OK | |
r-devel-linux-x86_64-fedora-clang | 1.0.3 | 700.76 | OK | |||
r-devel-linux-x86_64-fedora-gcc | 1.0.3 | 701.33 | OK | |||
r-devel-windows-x86_64 | 1.0.3 | 259.00 | 143.00 | 402.00 | OK | |
r-patched-linux-x86_64 | 1.0.3 | 243.24 | 104.29 | 347.53 | OK | |
r-release-linux-x86_64 | 1.0.3 | 216.54 | 103.32 | 319.86 | OK | |
r-release-macos-arm64 | 1.0.3 | 136.00 | NOTE | |||
r-release-macos-x86_64 | 1.0.3 | 189.00 | NOTE | |||
r-release-windows-x86_64 | 1.0.3 | 335.00 | 167.00 | 502.00 | OK | |
r-oldrel-macos-arm64 | 1.0.3 | 143.00 | NOTE | |||
r-oldrel-macos-x86_64 | 1.0.2 | 234.00 | NOTE | |||
r-oldrel-windows-x86_64 | 1.0.3 | 319.00 | 149.00 | 468.00 | OK |
Version: 1.0.3
Check: installed package size
Result: NOTE
installed size is 10.5Mb
sub-directories of 1Mb or more:
libs 9.5Mb
Flavors: r-release-macos-arm64, r-release-macos-x86_64, r-oldrel-macos-arm64
Version: 1.0.2
Check: installed package size
Result: NOTE
installed size is 10.8Mb
sub-directories of 1Mb or more:
libs 9.8Mb
Flavor: r-oldrel-macos-x86_64