Last updated on 2022-06-25 17:51:32 CEST.
Flavor | Version | Tinstall | Tcheck | Ttotal | Status | Flags |
---|---|---|---|---|---|---|
r-devel-linux-x86_64-debian-clang | 1.1 | 20.21 | 247.98 | 268.19 | OK | |
r-devel-linux-x86_64-debian-gcc | 1.1 | 16.24 | 177.35 | 193.59 | OK | |
r-devel-linux-x86_64-fedora-clang | 1.1 | 318.58 | NOTE | |||
r-devel-linux-x86_64-fedora-gcc | 1.1 | 319.56 | OK | |||
r-devel-windows-x86_64 | 1.1 | 39.00 | 304.00 | 343.00 | NOTE | |
r-patched-linux-x86_64 | 1.1 | 17.90 | 234.96 | 252.86 | OK | |
r-release-linux-x86_64 | 1.1 | 13.42 | 237.61 | 251.03 | OK | |
r-release-macos-arm64 | 1.1 | 113.00 | NOTE | |||
r-release-macos-x86_64 | 1.1 | 131.00 | NOTE | |||
r-release-windows-x86_64 | 1.1 | 51.00 | 298.00 | 349.00 | NOTE | |
r-oldrel-macos-arm64 | 1.1 | 111.00 | NOTE | |||
r-oldrel-macos-x86_64 | 1.1 | 129.00 | NOTE | |||
r-oldrel-windows-ix86+x86_64 | 1.1 | 44.00 | 289.00 | 333.00 | NOTE |
Version: 1.1
Check: installed package size
Result: NOTE
installed size is 7.2Mb
sub-directories of 1Mb or more:
doc 6.7Mb
Flavors: r-devel-linux-x86_64-fedora-clang, r-devel-windows-x86_64, r-release-macos-arm64, r-release-macos-x86_64, r-release-windows-x86_64, r-oldrel-macos-arm64, r-oldrel-macos-x86_64, r-oldrel-windows-ix86+x86_64