CRAN Package Check Results for Package manifestoR

Last updated on 2019-12-12 02:49:54 CET.

Flavor Version Tinstall Tcheck Ttotal Status Flags
r-devel-linux-x86_64-debian-clang 1.3.0 7.55 55.42 62.97 NOTE
r-devel-linux-x86_64-debian-gcc 1.3.0 6.35 42.71 49.06 NOTE
r-devel-linux-x86_64-fedora-clang 1.3.0 76.55 NOTE
r-devel-linux-x86_64-fedora-gcc 1.3.0 76.33 NOTE
r-devel-windows-ix86+x86_64 1.3.0 18.00 97.00 115.00 NOTE
r-devel-windows-ix86+x86_64-gcc8 1.3.0 22.00 115.00 137.00 NOTE
r-patched-linux-x86_64 1.3.0 5.88 49.94 55.82 NOTE
r-patched-solaris-x86 1.3.0 99.90 NOTE
r-release-linux-x86_64 1.3.0 6.11 49.69 55.80 NOTE
r-release-windows-ix86+x86_64 1.3.0 18.00 70.00 88.00 NOTE
r-release-osx-x86_64 1.3.0 NOTE
r-oldrel-windows-ix86+x86_64 1.3.0 10.00 68.00 78.00 NOTE
r-oldrel-osx-x86_64 1.3.0 OK

Check Details

Version: 1.3.0
Check: R code for possible problems
Result: NOTE
    mp_corpus: no visible binding for global variable 'annotations'
    print.ManifestoAvailability: no visible binding for global variable
     'annotations'
    Undefined global functions or variables:
     annotations
Flavors: r-devel-linux-x86_64-debian-clang, r-devel-linux-x86_64-debian-gcc, r-devel-linux-x86_64-fedora-clang, r-devel-linux-x86_64-fedora-gcc, r-devel-windows-ix86+x86_64, r-devel-windows-ix86+x86_64-gcc8, r-patched-linux-x86_64, r-patched-solaris-x86, r-release-linux-x86_64, r-release-windows-ix86+x86_64, r-release-osx-x86_64, r-oldrel-windows-ix86+x86_64