CRAN Package Check Results for Package manynet

Last updated on 2024-07-19 17:54:33 CEST.

Flavor Version Tinstall Tcheck Ttotal Status Flags
r-devel-linux-x86_64-debian-clang 0.4.4 18.94 153.68 172.62 OK
r-devel-linux-x86_64-debian-gcc 1.0.1 17.16 159.26 176.42 OK
r-devel-linux-x86_64-fedora-clang 1.0.1 301.09 NOTE
r-devel-linux-x86_64-fedora-gcc 1.0.1 284.47 NOTE
r-devel-windows-x86_64 1.0.1 22.00 176.00 198.00 OK
r-patched-linux-x86_64 0.4.4 11.67 147.54 159.21 OK
r-release-linux-x86_64 0.4.4 11.24 148.90 160.14 OK
r-release-macos-arm64 1.0.1 74.00 OK
r-release-macos-x86_64 1.0.1 225.00 OK
r-release-windows-x86_64 0.4.4 16.00 127.00 143.00 OK
r-oldrel-macos-arm64 1.0.1 86.00 OK
r-oldrel-macos-x86_64 1.0.1 173.00 OK
r-oldrel-windows-x86_64 0.4.4 20.00 154.00 174.00 ERROR

Check Details

Version: 1.0.1
Check: data for non-ASCII characters
Result: NOTE Note: found 7 marked UTF-8 strings Flavors: r-devel-linux-x86_64-fedora-clang, r-devel-linux-x86_64-fedora-gcc

Version: 0.4.4
Check: tests
Result: ERROR Running 'testthat.R' [13s] Running the tests in 'tests/testthat.R' failed. Complete output: > library(testthat) > library(manynet) Registered S3 method overwritten by 'manynet': method from print.tbl_graph tidygraph > > test_check("manynet") Starting 2 test processes [ FAIL 1 | WARN 4 | SKIP 18 | PASS 339 ] ══ Skipped tests (18) ══════════════════════════════════════════════════════════ • On CRAN (18): 'test-manip_as.R:86:3', 'test-manip_split.R:50:3', 'test-map_autographr.R:2:3', 'test-map_autographr.R:17:3', 'test-map_autographr.R:31:3', 'test-map_autographr.R:49:3', 'test-map_autographr.R:68:3', 'test-map_autographr.R:96:3', 'test-map_autographr.R:108:3', 'test-map_autographr.R:117:3', 'test-map_autographr.R:123:3', 'test-map_autographr.R:130:3', 'test-map_autographr.R:143:3', 'test-map_autographr.R:160:3', 'test-mark_nodes.R:13:3', 'test-mark_nodes.R:22:3', 'test-mark_ties.R:24:3', 'test-mark_ties.R:33:3' ══ Failed tests ════════════════════════════════════════════════════════════════ ── Failure ('test-manip_split.R:20:3'): to_ and from_ subgraphs works ────────── to_subgraphs(unicorn, "unicorn") has length 1, not length 2. [ FAIL 1 | WARN 4 | SKIP 18 | PASS 339 ] Error: Test failures Execution halted Flavor: r-oldrel-windows-x86_64