CRAN Package Check Results for Package mapedit

Last updated on 2022-09-29 18:48:57 CEST.

Flavor Version Tinstall Tcheck Ttotal Status Flags
r-devel-linux-x86_64-debian-clang 0.6.0 5.63 56.83 62.46 NOTE
r-devel-linux-x86_64-debian-gcc 0.6.0 3.31 43.50 46.81 NOTE
r-devel-linux-x86_64-fedora-clang 0.6.0 92.90 NOTE
r-devel-linux-x86_64-fedora-gcc 0.6.0 83.13 NOTE
r-devel-windows-x86_64 0.6.0 20.00 83.00 103.00 NOTE
r-patched-linux-x86_64 0.6.0 9.13 54.13 63.26 NOTE
r-release-linux-x86_64 0.6.0 3.74 53.67 57.41 NOTE
r-release-macos-arm64 0.6.0 23.00 NOTE
r-release-macos-x86_64 0.6.0 41.00 NOTE
r-release-windows-x86_64 0.6.0 17.00 88.00 105.00 NOTE
r-oldrel-macos-arm64 0.6.0 24.00 NOTE
r-oldrel-macos-x86_64 0.6.0 41.00 NOTE
r-oldrel-windows-ix86+x86_64 0.6.0 16.00 84.00 100.00 NOTE

Check Details

Version: 0.6.0
Check: package subdirectories
Result: NOTE
    Problems with news in 'NEWS.md':
     Cannot extract version info from the following section titles:
     Bug Fixes
Flavors: r-devel-linux-x86_64-debian-clang, r-devel-linux-x86_64-debian-gcc, r-devel-linux-x86_64-fedora-clang, r-devel-linux-x86_64-fedora-gcc, r-devel-windows-x86_64

Version: 0.6.0
Check: LazyData
Result: NOTE
     'LazyData' is specified without a 'data' directory
Flavors: r-devel-linux-x86_64-debian-clang, r-devel-linux-x86_64-debian-gcc, r-devel-linux-x86_64-fedora-clang, r-devel-linux-x86_64-fedora-gcc, r-devel-windows-x86_64, r-patched-linux-x86_64, r-release-linux-x86_64, r-release-macos-arm64, r-release-macos-x86_64, r-release-windows-x86_64, r-oldrel-macos-arm64, r-oldrel-macos-x86_64, r-oldrel-windows-ix86+x86_64