CRAN Package Check Results for Package mapping

Last updated on 2023-06-05 23:09:34 CEST.

Flavor Version Tinstall Tcheck Ttotal Status Flags
r-devel-linux-x86_64-debian-clang 1.3 52.33 552.36 604.69 NOTE
r-devel-linux-x86_64-debian-gcc 1.3 41.12 409.55 450.67 NOTE
r-devel-linux-x86_64-fedora-clang 1.3 752.59 NOTE
r-devel-linux-x86_64-fedora-gcc 1.3 712.87 NOTE
r-devel-windows-x86_64 1.3 39.00 422.00 461.00 OK
r-patched-linux-x86_64 1.3 46.60 526.04 572.64 NOTE
r-release-linux-x86_64 1.3 40.86 528.03 568.89 NOTE
r-release-macos-arm64 1.3 227.00 OK
r-release-macos-x86_64 1.3 336.00 OK
r-release-windows-x86_64 1.3 59.00 545.00 604.00 OK
r-oldrel-macos-arm64 1.3 193.00 NOTE
r-oldrel-macos-x86_64 1.3 309.00 NOTE
r-oldrel-windows-x86_64 1.3 57.00 528.00 585.00 OK

Check Details

Version: 1.3
Check: R code for possible problems
Result: NOTE
    The legacy packages maptools, rgdal, and rgeos, underpinning this package
    will retire shortly. Please refer to R-spatial evolution reports on
    https://r-spatial.org/r/2023/05/15/evolution4.html for details.
    This package is now running under evolution status 0
    Please note that rgdal will be retired during October 2023,
    plan transition to sf/stars/terra functions using GDAL and PROJ
    at your earliest convenience.
    See https://r-spatial.org/r/2023/05/15/evolution4.html and https://github.com/r-spatial/evolution
    rgdal: version: 1.6-7, (SVN revision 1203)
    Geospatial Data Abstraction Library extensions to R successfully loaded
    Loaded GDAL runtime: GDAL 3.6.2, released 2023/01/02
    Path to GDAL shared files: /usr/share/gdal
     GDAL does not use iconv for recoding strings.
    GDAL binary built with GEOS: TRUE
    Loaded PROJ runtime: Rel. 9.1.1, December 1st, 2022, [PJ_VERSION: 911]
    Path to PROJ shared files: /home/hornik/.local/share/proj:/usr/share/proj
    PROJ CDN enabled: FALSE
    Linking to sp version:1.6-1
    To mute warnings of possible GDAL/OSR exportToProj4() degradation,
    use options("rgdal_show_exportToProj4_warnings"="none") before loading sp or rgdal.
Flavors: r-devel-linux-x86_64-debian-clang, r-devel-linux-x86_64-debian-gcc, r-patched-linux-x86_64, r-release-linux-x86_64

Version: 1.3
Check: R code for possible problems
Result: NOTE
    The legacy packages maptools, rgdal, and rgeos, underpinning this package
    will retire shortly. Please refer to R-spatial evolution reports on
    https://r-spatial.org/r/2023/05/15/evolution4.html for details.
    This package is now running under evolution status 0
    Please note that rgdal will be retired during October 2023,
    plan transition to sf/stars/terra functions using GDAL and PROJ
    at your earliest convenience.
    See https://r-spatial.org/r/2023/05/15/evolution4.html and https://github.com/r-spatial/evolution
    rgdal: version: 1.6-7, (SVN revision 1203)
    Geospatial Data Abstraction Library extensions to R successfully loaded
    Loaded GDAL runtime: GDAL 3.4.3, released 2022/04/22
    Path to GDAL shared files: /usr/local/clang/share/gdal
    GDAL binary built with GEOS: TRUE
    Loaded PROJ runtime: Rel. 8.2.1, January 1st, 2022, [PJ_VERSION: 821]
    Path to PROJ shared files: /data/gannet/ripley/.local/share/proj:/usr/local/share/proj:/usr/local/share/proj
    PROJ CDN enabled: FALSE
    Linking to sp version:1.6-1
    To mute warnings of possible GDAL/OSR exportToProj4() degradation,
    use options("rgdal_show_exportToProj4_warnings"="none") before loading sp or rgdal.
Flavor: r-devel-linux-x86_64-fedora-clang

Version: 1.3
Check: data for non-ASCII characters
Result: NOTE
     Note: found 29618 marked UTF-8 strings
Flavors: r-devel-linux-x86_64-fedora-clang, r-devel-linux-x86_64-fedora-gcc, r-oldrel-macos-arm64, r-oldrel-macos-x86_64