Last updated on 2023-01-29 08:57:05 CET.
Flavor | Version | Tinstall | Tcheck | Ttotal | Status | Flags |
---|---|---|---|---|---|---|
r-devel-linux-x86_64-debian-clang | 0.3.3 | 170.80 | 416.91 | 587.71 | OK | |
r-devel-linux-x86_64-debian-gcc | 0.3.3 | 127.57 | 299.90 | 427.47 | NOTE | |
r-devel-linux-x86_64-fedora-clang | 0.3.3 | 858.26 | NOTE | |||
r-devel-linux-x86_64-fedora-gcc | 0.3.3 | 781.91 | NOTE | |||
r-devel-windows-x86_64 | 0.3.3 | 233.00 | 515.00 | 748.00 | NOTE | |
r-patched-linux-x86_64 | 0.3.3 | 140.74 | 427.04 | 567.78 | OK | |
r-release-linux-x86_64 | 0.3.3 | 155.25 | 420.23 | 575.48 | OK | |
r-release-macos-arm64 | 0.3.3 | 165.00 | NOTE | |||
r-release-macos-x86_64 | 0.3.3 | 395.00 | NOTE | |||
r-release-windows-x86_64 | 0.3.3 | 165.00 | 448.00 | 613.00 | NOTE | |
r-oldrel-macos-arm64 | 0.3.3 | 144.00 | NOTE | |||
r-oldrel-macos-x86_64 | 0.3.3 | 336.00 | NOTE | |||
r-oldrel-windows-ix86+x86_64 | 0.3.3 | 322.00 | 706.00 | 1028.00 | NOTE |
Version: 0.3.3
Check: C++ specification
Result: NOTE
Specified C++11: please update to current default of C++17
Flavors: r-devel-linux-x86_64-debian-gcc, r-devel-linux-x86_64-fedora-clang, r-devel-linux-x86_64-fedora-gcc, r-devel-windows-x86_64
Version: 0.3.3
Check: installed package size
Result: NOTE
installed size is 7.5Mb
sub-directories of 1Mb or more:
R 2.7Mb
data 2.4Mb
Flavors: r-devel-linux-x86_64-fedora-clang, r-devel-windows-x86_64, r-release-macos-arm64, r-release-macos-x86_64, r-release-windows-x86_64, r-oldrel-macos-arm64, r-oldrel-macos-x86_64, r-oldrel-windows-ix86+x86_64