Last updated on 2021-03-04 13:48:31 CET.
Flavor | Version | Tinstall | Tcheck | Ttotal | Status | Flags |
---|---|---|---|---|---|---|
r-devel-linux-x86_64-debian-clang | 1.2.6 | 31.52 | 208.54 | 240.06 | OK | |
r-devel-linux-x86_64-debian-gcc | 1.2.6 | 26.17 | 155.21 | 181.38 | OK | |
r-devel-linux-x86_64-fedora-clang | 1.2.6 | 296.51 | NOTE | |||
r-devel-linux-x86_64-fedora-gcc | 1.2.6 | 282.41 | NOTE | |||
r-devel-windows-ix86+x86_64 | 1.2.6 | 84.00 | 313.00 | 397.00 | OK | |
r-patched-linux-x86_64 | 1.2.6 | 29.39 | 191.09 | 220.48 | OK | |
r-patched-solaris-x86 | 1.2.6 | 444.30 | NOTE | |||
r-release-linux-x86_64 | 1.2.6 | 32.59 | 195.03 | 227.62 | OK | |
r-release-macos-x86_64 | 1.2.6 | NOTE | ||||
r-release-windows-ix86+x86_64 | 1.2.6 | 56.00 | 224.00 | 280.00 | OK | |
r-oldrel-macos-x86_64 | 1.2.6 | NOTE | ||||
r-oldrel-windows-ix86+x86_64 | 1.2.6 | 74.00 | 266.00 | 340.00 | OK |
Version: 1.2.6
Check: dependencies in R code
Result: NOTE
Namespaces in Imports field not imported from:
‘bookdown’ ‘kableExtra’ ‘knitr’
All declared Imports should be used.
Flavors: r-devel-linux-x86_64-fedora-clang, r-devel-linux-x86_64-fedora-gcc, r-patched-solaris-x86, r-release-macos-x86_64, r-oldrel-macos-x86_64