Last updated on 2025-01-21 19:49:33 CET.
Flavor | Version | Tinstall | Tcheck | Ttotal | Status | Flags |
---|---|---|---|---|---|---|
r-devel-linux-x86_64-debian-clang | 2.0.8 | 4.76 | 133.33 | 138.09 | NOTE | |
r-devel-linux-x86_64-debian-gcc | 2.0.8 | 3.51 | 72.32 | 75.83 | NOTE | |
r-devel-linux-x86_64-fedora-clang | 2.0.8 | 231.32 | NOTE | |||
r-devel-linux-x86_64-fedora-gcc | 2.0.8 | 219.34 | NOTE | |||
r-devel-windows-x86_64 | 2.0.8 | 9.00 | 146.00 | 155.00 | NOTE | |
r-patched-linux-x86_64 | 2.0.8 | 4.55 | 122.03 | 126.58 | NOTE | |
r-release-linux-x86_64 | 2.0.8 | 4.18 | 122.15 | 126.33 | NOTE | |
r-release-macos-arm64 | 2.0.8 | 63.00 | NOTE | |||
r-release-macos-x86_64 | 2.0.8 | 100.00 | NOTE | |||
r-release-windows-x86_64 | 2.0.8 | 8.00 | 144.00 | 152.00 | NOTE | |
r-oldrel-macos-arm64 | 2.0.8 | 66.00 | OK | |||
r-oldrel-macos-x86_64 | 2.0.8 | 116.00 | OK | |||
r-oldrel-windows-x86_64 | 2.0.8 | 10.00 | 191.00 | 201.00 | OK |
Version: 2.0.8
Check: Rd files
Result: NOTE
checkRd: (-1) marqLevAlg-package.Rd:14: Lost braces; missing escapes or markup?
14 | (GH^{-1}G).
| ^
Flavors: r-devel-linux-x86_64-debian-clang, r-devel-linux-x86_64-debian-gcc, r-devel-linux-x86_64-fedora-clang, r-devel-linux-x86_64-fedora-gcc, r-devel-windows-x86_64, r-patched-linux-x86_64, r-release-linux-x86_64, r-release-macos-arm64, r-release-macos-x86_64, r-release-windows-x86_64