Last updated on 2022-06-27 16:51:59 CEST.
Flavor | Version | Tinstall | Tcheck | Ttotal | Status | Flags |
---|---|---|---|---|---|---|
r-devel-linux-x86_64-debian-clang | 0.2.57 | 71.33 | 317.46 | 388.79 | NOTE | |
r-devel-linux-x86_64-debian-gcc | 0.2.57 | 57.58 | 234.93 | 292.51 | NOTE | |
r-devel-linux-x86_64-fedora-clang | 0.2.57 | 479.39 | NOTE | |||
r-devel-linux-x86_64-fedora-gcc | 0.2.57 | 465.84 | NOTE | |||
r-devel-windows-x86_64 | 0.2.57 | 85.00 | 383.00 | 468.00 | NOTE | |
r-patched-linux-x86_64 | 0.2.57 | 68.55 | 301.50 | 370.05 | NOTE | |
r-release-linux-x86_64 | 0.2.57 | 61.48 | 297.79 | 359.27 | NOTE | |
r-release-macos-arm64 | 0.2.57 | 148.00 | NOTE | |||
r-release-macos-x86_64 | 0.2.57 | 177.00 | NOTE | |||
r-release-windows-x86_64 | 0.2.57 | 96.00 | 375.00 | 471.00 | NOTE | |
r-oldrel-macos-arm64 | 0.2.57 | 144.00 | NOTE | |||
r-oldrel-macos-x86_64 | 0.2.57 | 175.00 | NOTE | |||
r-oldrel-windows-ix86+x86_64 | 0.2.57 | 158.00 | 504.00 | 662.00 | NOTE |
Version: 0.2.57
Check: package dependencies
Result: NOTE
Package suggested but not available for checking: 'flashr'
Flavors: r-devel-linux-x86_64-debian-clang, r-devel-linux-x86_64-debian-gcc, r-devel-linux-x86_64-fedora-clang, r-devel-linux-x86_64-fedora-gcc, r-devel-windows-x86_64, r-patched-linux-x86_64, r-release-linux-x86_64, r-release-macos-arm64, r-release-macos-x86_64, r-release-windows-x86_64, r-oldrel-macos-arm64, r-oldrel-macos-x86_64, r-oldrel-windows-ix86+x86_64
Version: 0.2.57
Check: installed package size
Result: NOTE
installed size is 8.5Mb
sub-directories of 1Mb or more:
libs 7.6Mb
Flavors: r-release-macos-arm64, r-release-macos-x86_64, r-oldrel-macos-arm64, r-oldrel-macos-x86_64