CRAN Package Check Results for Package mason

Last updated on 2023-06-03 23:58:57 CEST.

Flavor Version Tinstall Tcheck Ttotal Status Flags
r-devel-linux-x86_64-debian-clang 0.3.0 4.48 56.14 60.62 NOTE
r-devel-linux-x86_64-debian-gcc 0.3.0 3.80 42.41 46.21 NOTE
r-devel-linux-x86_64-fedora-clang 0.3.0 75.84 NOTE
r-devel-linux-x86_64-fedora-gcc 0.3.0 82.05 NOTE
r-devel-windows-x86_64 0.3.0 5.00 63.00 68.00 NOTE
r-patched-linux-x86_64 0.3.0 NOTE
r-release-linux-x86_64 0.3.0 2.93 52.64 55.57 NOTE
r-release-macos-arm64 0.3.0 32.00 NOTE
r-release-macos-x86_64 0.3.0 54.00 NOTE
r-release-windows-x86_64 0.3.0 7.00 70.00 77.00 NOTE
r-oldrel-macos-arm64 0.3.0 27.00 NOTE
r-oldrel-macos-x86_64 0.3.0 45.00 NOTE
r-oldrel-windows-x86_64 0.3.0 7.00 72.00 79.00 NOTE

Check Details

Version: 0.3.0
Check: LazyData
Result: NOTE
     'LazyData' is specified without a 'data' directory
Flavors: r-devel-linux-x86_64-debian-clang, r-devel-linux-x86_64-debian-gcc, r-devel-linux-x86_64-fedora-clang, r-devel-linux-x86_64-fedora-gcc, r-devel-windows-x86_64, r-patched-linux-x86_64, r-release-linux-x86_64, r-release-macos-arm64, r-release-macos-x86_64, r-release-windows-x86_64, r-oldrel-macos-arm64, r-oldrel-macos-x86_64, r-oldrel-windows-x86_64