Last updated on 2021-04-16 13:50:25 CEST.
Flavor | Version | Tinstall | Tcheck | Ttotal | Status | Flags |
---|---|---|---|---|---|---|
r-devel-linux-x86_64-debian-clang | 0.1.3 | 3.40 | 39.12 | 42.52 | NOTE | |
r-devel-linux-x86_64-debian-gcc | 0.1.3 | 2.57 | 30.07 | 32.64 | NOTE | |
r-devel-linux-x86_64-fedora-clang | 0.1.3 | 59.32 | NOTE | |||
r-devel-linux-x86_64-fedora-gcc | 0.1.3 | 49.70 | NOTE | |||
r-devel-windows-ix86+x86_64 | 0.1.3 | 9.00 | 4.00 | 13.00 | ERROR | |
r-devel-windows-x86_64-gcc10-UCRT | 0.1.3 | NOTE | ||||
r-patched-linux-x86_64 | 0.1.3 | 3.80 | 36.97 | 40.77 | OK | |
r-patched-solaris-x86 | 0.1.3 | 76.90 | OK | |||
r-release-linux-x86_64 | 0.1.3 | 3.38 | 37.03 | 40.41 | OK | |
r-release-macos-x86_64 | 0.1.3 | OK | ||||
r-release-windows-ix86+x86_64 | 0.1.3 | 22.00 | 56.00 | 78.00 | OK | |
r-oldrel-macos-x86_64 | 0.1.3 | OK | ||||
r-oldrel-windows-ix86+x86_64 | 0.1.3 | 5.00 | 53.00 | 58.00 | OK |
Version: 0.1.3
Check: LazyData
Result: NOTE
'LazyData' is specified without a 'data' directory
Flavors: r-devel-linux-x86_64-debian-clang, r-devel-linux-x86_64-debian-gcc, r-devel-linux-x86_64-fedora-clang, r-devel-linux-x86_64-fedora-gcc, r-devel-windows-x86_64-gcc10-UCRT
Version: 0.1.3
Check: whether package can be installed
Result: ERROR
See *
Flavor: r-devel-windows-ix86+x86_64