CRAN Package Check Results for Package matrixdist

Last updated on 2022-01-28 15:53:17 CET.

Flavor Version Tinstall Tcheck Ttotal Status Flags
r-devel-linux-x86_64-debian-clang 1.1.3 150.97 59.79 210.76 OK
r-devel-linux-x86_64-debian-gcc 1.1.3 100.47 45.08 145.55 OK
r-devel-linux-x86_64-fedora-clang 1.1.3 320.62 NOTE
r-devel-linux-x86_64-fedora-gcc 1.1.3 253.39 OK
r-devel-windows-x86_64-new-UL 1.1.3 292.00 123.00 415.00 OK
r-devel-windows-x86_64-new-TK 1.1.3 OK
r-patched-linux-x86_64 1.1.3 117.98 57.88 175.86 OK
r-release-linux-x86_64 1.1.3 113.84 56.46 170.30 OK
r-release-macos-arm64 1.1.3 NOTE
r-release-macos-x86_64 1.1.3 NOTE
r-release-windows-ix86+x86_64 1.1.3 322.00 115.00 437.00 OK
r-oldrel-macos-x86_64 1.1.3 NOTE
r-oldrel-windows-ix86+x86_64 1.1.3 326.00 115.00 441.00 OK

Check Details

Version: 1.1.3
Check: installed package size
Result: NOTE
     installed size is 7.5Mb
     sub-directories of 1Mb or more:
     libs 7.0Mb
Flavors: r-devel-linux-x86_64-fedora-clang, r-release-macos-arm64, r-release-macos-x86_64, r-oldrel-macos-x86_64