CRAN Package Check Results for Package matrixpls

Last updated on 2022-01-22 08:49:16 CET.

Flavor Version Tinstall Tcheck Ttotal Status Flags
r-devel-linux-x86_64-debian-clang 1.0.13 6.27 79.79 86.06 OK
r-devel-linux-x86_64-debian-gcc 1.0.13 3.95 57.94 61.89 OK
r-devel-linux-x86_64-fedora-clang 1.0.13 99.68 NOTE
r-devel-linux-x86_64-fedora-gcc 1.0.13 90.05 OK
r-devel-windows-x86_64-new-UL 1.0.13 66.00 101.00 167.00 OK
r-devel-windows-x86_64-new-TK 1.0.13 OK
r-patched-linux-x86_64 1.0.13 6.70 76.02 82.72 OK
r-release-linux-x86_64 1.0.13 5.86 77.89 83.75 OK
r-release-macos-arm64 1.0.13 NOTE
r-release-macos-x86_64 1.0.13 NOTE
r-release-windows-ix86+x86_64 1.0.13 11.00 97.00 108.00 OK
r-oldrel-macos-x86_64 1.0.13 NOTE
r-oldrel-windows-ix86+x86_64 1.0.13 11.00 93.00 104.00 OK

Check Details

Version: 1.0.13
Check: Rd cross-references
Result: NOTE
    Undeclared package ‘sem’ in Rd xrefs
Flavor: r-devel-linux-x86_64-fedora-clang

Version: 1.0.13
Check: package dependencies
Result: NOTE
    Package suggested but not available for checking: ‘ASGSCA’
Flavors: r-release-macos-arm64, r-release-macos-x86_64, r-oldrel-macos-x86_64