CRAN Package Check Results for Package mau

Last updated on 2022-12-09 14:52:41 CET.

Flavor Version Tinstall Tcheck Ttotal Status Flags
r-devel-linux-x86_64-debian-clang 0.1.2 7.22 79.60 86.82 NOTE
r-devel-linux-x86_64-debian-gcc 0.1.2 5.80 59.39 65.19 NOTE
r-devel-linux-x86_64-fedora-clang 0.1.2 118.43 NOTE
r-devel-linux-x86_64-fedora-gcc 0.1.2 122.31 NOTE
r-devel-windows-x86_64 0.1.2 16.00 110.00 126.00 OK
r-patched-linux-x86_64 0.1.2 6.09 72.38 78.47 NOTE
r-release-linux-x86_64 0.1.2 6.37 71.38 77.75 NOTE
r-release-macos-arm64 0.1.2 34.00 OK
r-release-macos-x86_64 0.1.2 60.00 OK
r-release-windows-x86_64 0.1.2 20.00 111.00 131.00 OK
r-oldrel-macos-arm64 0.1.2 49.00 OK
r-oldrel-macos-x86_64 0.1.2 48.00 OK
r-oldrel-windows-ix86+x86_64 0.1.2 18.00 106.00 124.00 OK

Check Details

Version: 0.1.2
Check: for non-standard things in the check directory
Result: NOTE
    Found the following files/directories:
     'utilities.R'
Flavors: r-devel-linux-x86_64-debian-clang, r-devel-linux-x86_64-debian-gcc, r-devel-linux-x86_64-fedora-clang, r-devel-linux-x86_64-fedora-gcc, r-patched-linux-x86_64, r-release-linux-x86_64