CRAN Package Check Results for Package mau

Last updated on 2023-09-23 17:54:08 CEST.

Flavor Version Tinstall Tcheck Ttotal Status Flags
r-devel-linux-x86_64-debian-clang 0.1.2 6.01 73.02 79.03 NOTE
r-devel-linux-x86_64-debian-gcc 0.1.2 5.24 52.85 58.09 NOTE
r-devel-linux-x86_64-fedora-clang 0.1.2 97.85 NOTE
r-devel-linux-x86_64-fedora-gcc 0.1.2 104.10 NOTE
r-devel-windows-x86_64 0.1.2 8.00 74.00 82.00 OK
r-patched-linux-x86_64 0.1.2 6.69 65.71 72.40 NOTE
r-release-linux-x86_64 0.1.2 7.61 66.78 74.39 NOTE
r-release-macos-arm64 0.1.2 40.00 OK
r-release-macos-x86_64 0.1.2 54.00 OK
r-release-windows-x86_64 0.1.2 9.00 85.00 94.00 OK
r-oldrel-macos-arm64 0.1.2 34.00 OK
r-oldrel-macos-x86_64 0.1.2 60.00 OK
r-oldrel-windows-x86_64 0.1.2 10.00 85.00 95.00 OK

Check Details

Version: 0.1.2
Check: for non-standard things in the check directory
Result: NOTE
    Found the following files/directories:
     ‘utilities.R’
Flavors: r-devel-linux-x86_64-debian-clang, r-devel-linux-x86_64-debian-gcc, r-devel-linux-x86_64-fedora-clang, r-devel-linux-x86_64-fedora-gcc, r-patched-linux-x86_64, r-release-linux-x86_64