CRAN Package Check Results for Package mbclusterwise

Last updated on 2019-09-17 06:48:30 CEST.

Flavor Version Tinstall Tcheck Ttotal Status Flags
r-devel-linux-x86_64-debian-clang 1.0 8.39 62.30 70.69 OK
r-devel-linux-x86_64-debian-gcc 1.0 OK
r-devel-linux-x86_64-fedora-clang 1.0 85.71 ERROR
r-devel-linux-x86_64-fedora-gcc 1.0 89.62 OK
r-devel-windows-ix86+x86_64 1.0 22.00 110.00 132.00 OK
r-patched-linux-x86_64 1.0 8.47 61.23 69.70 OK
r-patched-solaris-x86 1.0 216.90 OK
r-release-linux-x86_64 1.0 8.47 62.67 71.14 OK
r-release-windows-ix86+x86_64 1.0 17.00 116.00 133.00 OK
r-release-osx-x86_64 1.0 OK
r-oldrel-windows-ix86+x86_64 1.0 14.00 104.00 118.00 OK
r-oldrel-osx-x86_64 1.0 OK

Check Details

Version: 1.0
Check: examples
Result: ERROR
    Running examples in ‘mbclusterwise-Ex.R’ failed
    The error most likely occurred in:
    
    > ### Name: cw.tenfold
    > ### Title: F-Fold cross-validation for clusterwise multiblock analyses
    > ### Aliases: cw.tenfold
    > ### Keywords: multivariate cluster
    >
    > ### ** Examples
    >
    > data(simdata.red)
    > Data.X <- simdata.red[c(1:8, 21:28), 1:10]
    > Data.Y <- simdata.red[c(1:8, 21:28), 11:13]
    > res1 <- list()
    > res2 <- list()
    >
    > ## Note that the options (INIT=2) and (parallel.level = "low") are chosen to quickly
    > ## illustrate the function.
    > ## For real data, instead choose (INIT=20) to avoid local optima and (parallel.level = "high")
    > ## to improve the computing speed.
    >
    > for (H in c(1:2)){
    + print(paste("H=", H, sep=""))
    + res1[[H]] <- cw.tenfold(Y = Data.Y, X = Data.X, blo = c(5, 5), option = "none", G = 1, H,
    + FOLD = 2, INIT = 2, method = "mbpls", Gamma = NULL, parallel.level = "low")
    + res2[[H]] <- cw.tenfold(Y = Data.Y, X = Data.X, blo = c(5, 5), option = "none", G = 2, H,
    + FOLD = 2, INIT = 2, method = "mbpls", Gamma = NULL, parallel.level = "low")
    + }
    [1] "H=1"
    [1] "Fold 1"
    Warning in res$lX[, h]/sqrt(t(res$lX[, h]) %*% res$lX[, h]) :
     Recycling array of length 1 in vector-array arithmetic is deprecated.
     Use c() or as.vector() instead.
    
    [1] "Fold 2"
    Warning in res$lX[, h]/sqrt(t(res$lX[, h]) %*% res$lX[, h]) :
     Recycling array of length 1 in vector-array arithmetic is deprecated.
     Use c() or as.vector() instead.
    
    [1] "Fold 1"
    Warning in e$fun(obj, substitute(ex), parent.frame(), e$data) :
     already exporting variable(s): mbreg
    Warning in res$lX[, h]/sqrt(t(res$lX[, h]) %*% res$lX[, h]) :
     Recycling array of length 1 in vector-array arithmetic is deprecated.
     Use c() or as.vector() instead.
    
    Warning in res$lX[, h]/sqrt(t(res$lX[, h]) %*% res$lX[, h]) :
     Recycling array of length 1 in vector-array arithmetic is deprecated.
     Use c() or as.vector() instead.
    
    [1] "Fold 2"
    Warning in e$fun(obj, substitute(ex), parent.frame(), e$data) :
     already exporting variable(s): mbreg
    Error in { : task 2 failed - "0 x 0 matrix"
    Calls: cw.tenfold -> cw.multiblock -> %dopar% -> <Anonymous>
    Execution halted
Flavor: r-devel-linux-x86_64-fedora-clang