CRAN Package Check Results for Package mc.heterogeneity

Last updated on 2022-08-17 18:51:27 CEST.

Flavor Version Tinstall Tcheck Ttotal Status Flags
r-devel-linux-x86_64-debian-clang 0.1.2 6.61 77.46 84.07 NOTE
r-devel-linux-x86_64-debian-gcc 0.1.2 NOTE
r-devel-linux-x86_64-fedora-clang 0.1.2 109.61 NOTE
r-devel-linux-x86_64-fedora-gcc 0.1.2 108.05 NOTE
r-devel-windows-x86_64 0.1.2 25.00 101.00 126.00 NOTE
r-patched-linux-x86_64 0.1.2 8.98 71.31 80.29 NOTE
r-release-linux-x86_64 0.1.2 8.34 72.85 81.19 NOTE
r-release-macos-arm64 0.1.2 31.00 NOTE
r-release-macos-x86_64 0.1.2 47.00 NOTE
r-release-windows-x86_64 0.1.2 38.00 102.00 140.00 NOTE
r-oldrel-macos-arm64 0.1.2 39.00 NOTE
r-oldrel-macos-x86_64 0.1.2 64.00 NOTE
r-oldrel-windows-ix86+x86_64 0.1.2 17.00 98.00 115.00 NOTE

Check Details

Version: 0.1.2
Check: Rd files
Result: NOTE
    checkRd: (-1) mc.lnOR.Rd:7: Escaped LaTeX specials: \&
Flavors: r-devel-linux-x86_64-debian-clang, r-devel-linux-x86_64-debian-gcc, r-devel-linux-x86_64-fedora-clang, r-devel-linux-x86_64-fedora-gcc, r-devel-windows-x86_64

Version: 0.1.2
Check: LazyData
Result: NOTE
     'LazyData' is specified without a 'data' directory
Flavors: r-devel-linux-x86_64-debian-clang, r-devel-linux-x86_64-debian-gcc, r-devel-linux-x86_64-fedora-clang, r-devel-linux-x86_64-fedora-gcc, r-devel-windows-x86_64, r-patched-linux-x86_64, r-release-linux-x86_64, r-release-macos-arm64, r-release-macos-x86_64, r-release-windows-x86_64, r-oldrel-macos-arm64, r-oldrel-macos-x86_64, r-oldrel-windows-ix86+x86_64

Version: 0.1.2
Check: dependencies in R code
Result: NOTE
    Namespace in Imports field not imported from: ‘boot.heterogeneity’
     All declared Imports should be used.
Flavors: r-devel-linux-x86_64-fedora-clang, r-devel-linux-x86_64-fedora-gcc, r-release-macos-arm64, r-release-macos-x86_64, r-oldrel-macos-arm64, r-oldrel-macos-x86_64