Last updated on 2023-03-24 21:59:55 CET.
Flavor | Version | Tinstall | Tcheck | Ttotal | Status | Flags |
---|---|---|---|---|---|---|
r-devel-linux-x86_64-debian-clang | 0.1.2 | 6.39 | 69.49 | 75.88 | NOTE | |
r-devel-linux-x86_64-debian-gcc | 0.1.2 | 4.96 | 52.44 | 57.40 | NOTE | |
r-devel-linux-x86_64-fedora-clang | 0.1.2 | 96.63 | NOTE | |||
r-devel-linux-x86_64-fedora-gcc | 0.1.2 | 88.87 | NOTE | |||
r-patched-linux-x86_64 | 0.1.2 | 4.50 | 68.48 | 72.98 | NOTE | |
r-release-linux-x86_64 | 0.1.2 | 5.81 | 69.48 | 75.29 | NOTE | |
r-release-macos-arm64 | 0.1.2 | 32.00 | NOTE | |||
r-release-macos-x86_64 | 0.1.2 | 62.00 | NOTE | |||
r-release-windows-x86_64 | 0.1.2 | 29.00 | 105.00 | 134.00 | NOTE | |
r-oldrel-macos-arm64 | 0.1.2 | 34.00 | NOTE | |||
r-oldrel-macos-x86_64 | 0.1.2 | 52.00 | NOTE | |||
r-oldrel-windows-ix86+x86_64 | 0.1.2 | 15.00 | 133.00 | 148.00 | NOTE |
Version: 0.1.2
Check: LazyData
Result: NOTE
'LazyData' is specified without a 'data' directory
Flavors: r-devel-linux-x86_64-debian-clang, r-devel-linux-x86_64-debian-gcc, r-devel-linux-x86_64-fedora-clang, r-devel-linux-x86_64-fedora-gcc, r-patched-linux-x86_64, r-release-linux-x86_64, r-release-macos-arm64, r-release-macos-x86_64, r-release-windows-x86_64, r-oldrel-macos-arm64, r-oldrel-macos-x86_64, r-oldrel-windows-ix86+x86_64