CRAN Package Check Results for Package mcStats

Last updated on 2024-02-28 19:49:40 CET.

Flavor Version Tinstall Tcheck Ttotal Status Flags
r-devel-linux-x86_64-debian-clang 0.1.2 5.47 68.18 73.65 NOTE
r-devel-linux-x86_64-debian-gcc 0.1.2 5.13 51.59 56.72 NOTE
r-devel-linux-x86_64-fedora-clang 0.1.2 90.91 NOTE
r-devel-linux-x86_64-fedora-gcc 0.1.2 92.62 NOTE
r-devel-windows-x86_64 0.1.2 6.00 75.00 81.00 NOTE
r-patched-linux-x86_64 0.1.2 5.81 66.33 72.14 NOTE
r-release-linux-x86_64 0.1.2 3.99 65.71 69.70 NOTE
r-release-macos-arm64 0.1.2 33.00 NOTE
r-release-macos-x86_64 0.1.2 48.00 NOTE
r-release-windows-x86_64 0.1.2 8.00 85.00 93.00 NOTE
r-oldrel-macos-arm64 0.1.2 32.00 NOTE
r-oldrel-windows-x86_64 0.1.2 9.00 87.00 96.00 NOTE

Check Details

Version: 0.1.2
Check: LazyData
Result: NOTE 'LazyData' is specified without a 'data' directory Flavors: r-devel-linux-x86_64-debian-clang, r-devel-linux-x86_64-debian-gcc, r-devel-linux-x86_64-fedora-clang, r-devel-linux-x86_64-fedora-gcc, r-devel-windows-x86_64, r-patched-linux-x86_64, r-release-linux-x86_64, r-release-macos-arm64, r-release-macos-x86_64, r-release-windows-x86_64, r-oldrel-macos-arm64, r-oldrel-windows-x86_64