CRAN Package Check Results for Package mcemGLM

Last updated on 2020-02-23 09:47:39 CET.

Flavor Version Tinstall Tcheck Ttotal Status Flags
r-devel-linux-x86_64-debian-clang 1.1 724.93 40.88 765.81 WARN --no-vignettes
r-devel-linux-x86_64-debian-gcc 1.1 458.76 31.61 490.37 WARN --no-vignettes
r-devel-linux-x86_64-fedora-clang 1.1 1097.00 WARN --no-vignettes
r-devel-linux-x86_64-fedora-gcc 1.1 995.91 WARN --no-vignettes
r-devel-windows-ix86+x86_64 1.1 1278.00 90.00 1368.00 OK --no-vignettes
r-devel-windows-ix86+x86_64-gcc8 1.1 1957.00 69.00 2026.00 NOTE --no-vignettes
r-patched-linux-x86_64 1.1 WARN --no-vignettes
r-patched-solaris-x86 1.1 831.30 WARN --no-vignettes
r-release-linux-x86_64 1.1 551.11 36.81 587.92 OK --no-vignettes
r-release-windows-ix86+x86_64 1.1 1324.00 67.00 1391.00 OK --no-vignettes
r-release-osx-x86_64 1.1 FAIL
r-oldrel-windows-ix86+x86_64 1.1 1220.00 73.00 1293.00 OK --no-vignettes
r-oldrel-osx-x86_64 1.1 FAIL

Check Details

Version: 1.1
Flags: --no-vignettes
Check: Rd \usage sections
Result: WARN
    Documented arguments not in \usage in documentation object 'contrasts.mcemGLMM':
     '...'
    
    Functions with \usage entries need to have the appropriate \alias
    entries, and all their arguments documented.
    The \usage entries must correspond to syntactically valid R code.
    See chapter 'Writing R documentation files' in the 'Writing R
    Extensions' manual.
Flavors: r-devel-linux-x86_64-debian-clang, r-devel-linux-x86_64-debian-gcc, r-devel-linux-x86_64-fedora-clang, r-devel-linux-x86_64-fedora-gcc, r-patched-linux-x86_64, r-patched-solaris-x86

Version: 1.1
Flags: --no-vignettes
Check: installed package size
Result: NOTE
     installed size is 13.9Mb
     sub-directories of 1Mb or more:
     doc 2.1Mb
     libs 11.5Mb
Flavors: r-devel-linux-x86_64-fedora-clang, r-devel-windows-ix86+x86_64-gcc8

Version: 1.1
Flags: --no-vignettes
Check: compiled code
Result: NOTE
    File ‘mcemGLM/libs/mcemGLM.so’:
     Found no calls to: ‘R_registerRoutines’, ‘R_useDynamicSymbols’
    
    It is good practice to register native routines and to disable symbol
    search.
    
    See ‘Writing portable packages’ in the ‘Writing R Extensions’ manual.
Flavors: r-devel-linux-x86_64-fedora-clang, r-devel-linux-x86_64-fedora-gcc

Version: 1.1
Check: installed package size
Result: NOTE
     installed size is 10.6Mb
     sub-directories of 1Mb or more:
     doc 2.1Mb
     libs 8.3Mb
Flavors: r-release-osx-x86_64, r-oldrel-osx-x86_64

Version: 1.1
Check: running R code from vignettes
Result: ERROR
    Errors in running code in vignettes:
    when running code in ‘mcemGLM-vignette.Rnw’
     ...
     6 : 6 6 : 6 Max. :1.000
     (Other):324 (Other):324
    
    > fitBernoulli <- mcemGLMM(fixed = Mate ~ 0 + Cross,
    + random = list(~0 + Female, ~0 + Male), data = salamander,
    + family = "bernoulli", vcD .... [TRUNCATED]
    
    Execution halted
    
    ... incomplete output. Crash?
Flavors: r-release-osx-x86_64, r-oldrel-osx-x86_64

Version: 1.1
Check: re-building of vignette outputs
Result: FAIL
Flavors: r-release-osx-x86_64, r-oldrel-osx-x86_64