Last updated on 2023-06-03 23:58:57 CEST.
Flavor | Version | Tinstall | Tcheck | Ttotal | Status | Flags |
---|---|---|---|---|---|---|
r-devel-linux-x86_64-debian-clang | 0.2.7 | 32.70 | 122.32 | 155.02 | OK | |
r-devel-linux-x86_64-debian-gcc | 0.2.7 | 25.84 | 90.74 | 116.58 | OK | |
r-devel-linux-x86_64-fedora-clang | 0.2.7 | 195.30 | NOTE | |||
r-devel-linux-x86_64-fedora-gcc | 0.2.7 | 185.41 | OK | |||
r-devel-windows-x86_64 | 0.2.7 | 28.00 | 138.00 | 166.00 | OK | |
r-patched-linux-x86_64 | 0.2.7 | OK | ||||
r-release-linux-x86_64 | 0.2.7 | 20.74 | 115.50 | 136.24 | OK | |
r-release-macos-arm64 | 0.2.7 | 88.00 | OK | |||
r-release-macos-x86_64 | 0.2.7 | 139.00 | OK | |||
r-release-windows-x86_64 | 0.2.7 | 34.00 | 168.00 | 202.00 | OK | |
r-oldrel-macos-arm64 | 0.2.7 | 82.00 | OK | |||
r-oldrel-macos-x86_64 | 0.2.7 | 87.00 | OK | |||
r-oldrel-windows-x86_64 | 0.2.7 | 33.00 | 178.00 | 211.00 | OK |
Version: 0.2.7
Check: Rd cross-references
Result: NOTE
Undeclared package ‘NLP’ in Rd xrefs
Flavor: r-devel-linux-x86_64-fedora-clang