CRAN Package Check Results for Package mclust

Last updated on 2024-06-12 22:56:32 CEST.

Flavor Version Tinstall Tcheck Ttotal Status Flags
r-devel-linux-x86_64-debian-clang 6.1.1 53.69 293.71 347.40 OK
r-devel-linux-x86_64-debian-gcc 6.1.1 30.88 183.18 214.06 OK
r-devel-linux-x86_64-fedora-clang 6.1.1 433.18 NOTE
r-devel-linux-x86_64-fedora-gcc 6.1.1 388.16 OK
r-devel-windows-x86_64 6.1.1 43.00 249.00 292.00 NOTE
r-patched-linux-x86_64 6.1.1 48.34 248.07 296.41 OK
r-release-linux-x86_64 6.1.1 47.44 255.31 302.75 OK
r-release-macos-arm64 6.1.1 127.00 NOTE
r-release-macos-x86_64 6.1.1 147.00 NOTE
r-release-windows-x86_64 6.1.1 42.00 247.00 289.00 NOTE
r-oldrel-macos-arm64 6.1.1 133.00 NOTE
r-oldrel-macos-x86_64 6.1.1 353.00 NOTE
r-oldrel-windows-x86_64 6.1.1 38.00 289.00 327.00 NOTE

Check Details

Version: 6.1.1
Check: installed package size
Result: NOTE installed size is 5.3Mb sub-directories of 1Mb or more: doc 2.9Mb Flavors: r-devel-linux-x86_64-fedora-clang, r-devel-windows-x86_64, r-release-macos-arm64, r-release-macos-x86_64, r-release-windows-x86_64, r-oldrel-macos-arm64, r-oldrel-macos-x86_64, r-oldrel-windows-x86_64