Last updated on 2019-12-12 02:49:54 CET.
Flavor | Version | Tinstall | Tcheck | Ttotal | Status | Flags |
---|---|---|---|---|---|---|
r-devel-linux-x86_64-debian-clang | 5.4.5 | 37.34 | 217.42 | 254.76 | OK | |
r-devel-linux-x86_64-debian-gcc | 5.4.5 | 31.75 | 154.15 | 185.90 | OK | |
r-devel-linux-x86_64-fedora-clang | 5.4.5 | 307.14 | NOTE | |||
r-devel-linux-x86_64-fedora-gcc | 5.4.5 | 300.57 | OK | |||
r-devel-windows-ix86+x86_64 | 5.4.5 | 71.00 | 392.00 | 463.00 | NOTE | |
r-devel-windows-ix86+x86_64-gcc8 | 5.4.5 | 67.00 | 381.00 | 448.00 | NOTE | |
r-patched-linux-x86_64 | 5.4.5 | 31.19 | 197.99 | 229.18 | OK | |
r-patched-solaris-x86 | 5.4.5 | 404.60 | NOTE | |||
r-release-linux-x86_64 | 5.4.5 | 35.31 | 199.74 | 235.05 | OK | |
r-release-windows-ix86+x86_64 | 5.4.5 | 85.00 | 293.00 | 378.00 | NOTE | |
r-release-osx-x86_64 | 5.4.5 | NOTE | ||||
r-oldrel-windows-ix86+x86_64 | 5.4.5 | 62.00 | 278.00 | 340.00 | NOTE | |
r-oldrel-osx-x86_64 | 5.4.5 | NOTE |
Version: 5.4.5
Check: installed package size
Result: NOTE
installed size is 5.8Mb
sub-directories of 1Mb or more:
doc 3.0Mb
Flavors: r-devel-linux-x86_64-fedora-clang, r-devel-windows-ix86+x86_64, r-devel-windows-ix86+x86_64-gcc8, r-patched-solaris-x86, r-release-windows-ix86+x86_64, r-release-osx-x86_64, r-oldrel-windows-ix86+x86_64, r-oldrel-osx-x86_64
Version: 5.4.5
Check: R code for possible problems
Result: NOTE
surfacePlot : <anonymous>: no visible global function definition for
'hcl.colors'
Undefined global functions or variables:
hcl.colors
Flavors: r-oldrel-windows-ix86+x86_64, r-oldrel-osx-x86_64