CRAN Package Check Results for Package mdbr

Last updated on 2023-09-30 11:51:45 CEST.

Flavor Version Tinstall Tcheck Ttotal Status Flags
r-devel-linux-x86_64-debian-clang 0.1.2 4.89 40.51 45.40 NOTE
r-devel-linux-x86_64-debian-gcc 0.1.2 2.62 31.04 33.66 NOTE
r-devel-linux-x86_64-fedora-clang 0.1.2 53.47 NOTE
r-devel-linux-x86_64-fedora-gcc 0.1.2 52.65 NOTE
r-devel-windows-x86_64 0.1.2 5.00 51.00 56.00 NOTE
r-patched-linux-x86_64 0.1.2 3.18 38.52 41.70 NOTE
r-release-linux-x86_64 0.1.2 2.94 39.26 42.20 NOTE
r-release-macos-arm64 0.1.2 24.00 NOTE
r-release-macos-x86_64 0.1.2 29.00 NOTE
r-release-windows-x86_64 0.1.2 6.00 54.00 60.00 NOTE
r-oldrel-macos-arm64 0.1.2 20.00 NOTE
r-oldrel-macos-x86_64 0.1.2 43.00 NOTE
r-oldrel-windows-x86_64 0.1.2 7.00 57.00 64.00 NOTE

Check Details

Version: 0.1.2
Check: LazyData
Result: NOTE
     'LazyData' is specified without a 'data' directory
Flavors: r-devel-linux-x86_64-debian-clang, r-devel-linux-x86_64-debian-gcc, r-devel-linux-x86_64-fedora-clang, r-devel-linux-x86_64-fedora-gcc, r-devel-windows-x86_64, r-patched-linux-x86_64, r-release-linux-x86_64, r-release-macos-arm64, r-release-macos-x86_64, r-release-windows-x86_64, r-oldrel-macos-arm64, r-oldrel-macos-x86_64, r-oldrel-windows-x86_64