CRAN Package Check Results for Package mdbr

Last updated on 2022-12-09 14:52:41 CET.

Flavor Version Tinstall Tcheck Ttotal Status Flags
r-devel-linux-x86_64-debian-clang 0.1.2 4.89 40.91 45.80 NOTE
r-devel-linux-x86_64-debian-gcc 0.1.2 3.71 31.77 35.48 NOTE
r-devel-linux-x86_64-fedora-clang 0.1.2 66.60 NOTE
r-devel-linux-x86_64-fedora-gcc 0.1.2 65.80 NOTE
r-devel-windows-x86_64 0.1.2 14.00 66.00 80.00 NOTE
r-patched-linux-x86_64 0.1.2 5.13 39.66 44.79 NOTE
r-release-linux-x86_64 0.1.2 3.56 38.07 41.63 NOTE
r-release-macos-arm64 0.1.2 20.00 NOTE
r-release-macos-x86_64 0.1.2 43.00 NOTE
r-release-windows-x86_64 0.1.2 12.00 66.00 78.00 NOTE
r-oldrel-macos-arm64 0.1.2 21.00 NOTE
r-oldrel-macos-x86_64 0.1.2 29.00 NOTE
r-oldrel-windows-ix86+x86_64 0.1.2 11.00 64.00 75.00 NOTE

Check Details

Version: 0.1.2
Check: LazyData
Result: NOTE
     'LazyData' is specified without a 'data' directory
Flavors: r-devel-linux-x86_64-debian-clang, r-devel-linux-x86_64-debian-gcc, r-devel-linux-x86_64-fedora-clang, r-devel-linux-x86_64-fedora-gcc, r-devel-windows-x86_64, r-patched-linux-x86_64, r-release-linux-x86_64, r-release-macos-arm64, r-release-macos-x86_64, r-release-windows-x86_64, r-oldrel-macos-arm64, r-oldrel-macos-x86_64, r-oldrel-windows-ix86+x86_64