CRAN Package Check Results for Package mdthemes

Last updated on 2022-12-09 14:52:41 CET.

Flavor Version Tinstall Tcheck Ttotal Status Flags
r-devel-linux-x86_64-debian-clang 0.1.0 2.43 31.08 33.51 NOTE
r-devel-linux-x86_64-debian-gcc 0.1.0 1.71 23.73 25.44 NOTE
r-devel-linux-x86_64-fedora-clang 0.1.0 51.53 NOTE
r-devel-linux-x86_64-fedora-gcc 0.1.0 50.86 NOTE
r-devel-windows-x86_64 0.1.0 20.00 58.00 78.00 NOTE
r-patched-linux-x86_64 0.1.0 2.54 29.44 31.98 NOTE
r-release-linux-x86_64 0.1.0 2.31 29.95 32.26 NOTE
r-release-macos-arm64 0.1.0 17.00 NOTE
r-release-macos-x86_64 0.1.0 29.00 NOTE
r-release-windows-x86_64 0.1.0 17.00 59.00 76.00 NOTE
r-oldrel-macos-arm64 0.1.0 19.00 NOTE
r-oldrel-macos-x86_64 0.1.0 32.00 NOTE
r-oldrel-windows-ix86+x86_64 0.1.0 9.00 55.00 64.00 NOTE

Check Details

Version: 0.1.0
Check: LazyData
Result: NOTE
     'LazyData' is specified without a 'data' directory
Flavors: r-devel-linux-x86_64-debian-clang, r-devel-linux-x86_64-debian-gcc, r-devel-linux-x86_64-fedora-clang, r-devel-linux-x86_64-fedora-gcc, r-devel-windows-x86_64, r-patched-linux-x86_64, r-release-linux-x86_64, r-release-macos-arm64, r-release-macos-x86_64, r-release-windows-x86_64, r-oldrel-macos-arm64, r-oldrel-macos-x86_64, r-oldrel-windows-ix86+x86_64