Last updated on 2025-01-21 17:49:22 CET.
Flavor | Version | Tinstall | Tcheck | Ttotal | Status | Flags |
---|---|---|---|---|---|---|
r-devel-linux-x86_64-debian-clang | 1.0.0 | 423.92 | 541.70 | 965.62 | OK | |
r-devel-linux-x86_64-debian-gcc | 1.0.0 | 375.07 | 355.94 | 731.01 | OK | |
r-devel-linux-x86_64-fedora-clang | 1.0.0 | 1519.44 | NOTE | |||
r-devel-linux-x86_64-fedora-gcc | 1.0.0 | 1987.94 | NOTE | |||
r-devel-windows-x86_64 | 1.0.0 | 392.00 | 498.00 | 890.00 | OK | |
r-patched-linux-x86_64 | 1.0.0 | 490.56 | 572.91 | 1063.47 | NOTE | |
r-release-linux-x86_64 | 1.0.0 | 488.69 | 566.87 | 1055.56 | NOTE | |
r-release-macos-arm64 | 1.0.0 | 368.00 | NOTE | |||
r-release-macos-x86_64 | 1.0.0 | 462.00 | NOTE | |||
r-release-windows-x86_64 | 1.0.0 | 387.00 | 516.00 | 903.00 | NOTE | |
r-oldrel-macos-arm64 | 1.0.0 | 352.00 | NOTE | |||
r-oldrel-macos-x86_64 | 1.0.0 | 579.00 | NOTE | |||
r-oldrel-windows-x86_64 | 1.0.0 | 512.00 | 733.00 | 1245.00 | NOTE |
Version: 1.0.0
Check: dependencies in R code
Result: NOTE
Namespaces in Imports field not imported from:
‘RcppParallel’ ‘rstantools’
All declared Imports should be used.
Flavors: r-devel-linux-x86_64-fedora-clang, r-devel-linux-x86_64-fedora-gcc
Version: 1.0.0
Check: package dependencies
Result: NOTE
Package suggested but not available for checking: ‘cmdstanr’
Flavors: r-patched-linux-x86_64, r-release-linux-x86_64, r-release-macos-arm64, r-release-macos-x86_64, r-release-windows-x86_64, r-oldrel-macos-arm64, r-oldrel-macos-x86_64, r-oldrel-windows-x86_64
Version: 1.0.0
Check: for GNU extensions in Makefiles
Result: NOTE
GNU make is a SystemRequirements.
Flavors: r-patched-linux-x86_64, r-release-linux-x86_64, r-release-macos-arm64, r-release-macos-x86_64, r-release-windows-x86_64, r-oldrel-macos-arm64, r-oldrel-macos-x86_64, r-oldrel-windows-x86_64
Version: 1.0.0
Check: installed package size
Result: NOTE
installed size is 86.4Mb
sub-directories of 1Mb or more:
libs 85.0Mb
Flavors: r-release-macos-arm64, r-release-macos-x86_64, r-release-windows-x86_64, r-oldrel-macos-arm64, r-oldrel-macos-x86_64, r-oldrel-windows-x86_64