CRAN Package Check Results for Package measuRing

Last updated on 2024-02-28 08:54:33 CET.

Flavor Version Tinstall Tcheck Ttotal Status Flags
r-devel-linux-x86_64-debian-clang 0.5 8.66 108.93 117.59 NOTE
r-devel-linux-x86_64-debian-gcc 0.5 8.19 79.63 87.82 NOTE
r-devel-linux-x86_64-fedora-clang 0.5 145.82 NOTE
r-devel-linux-x86_64-fedora-gcc 0.5 138.78 NOTE
r-devel-windows-x86_64 0.5 10.00 97.00 107.00 NOTE
r-patched-linux-x86_64 0.5 13.64 104.65 118.29 NOTE
r-release-linux-x86_64 0.5 11.91 104.21 116.12 NOTE
r-release-macos-arm64 0.5 50.00 NOTE
r-release-macos-x86_64 0.5 75.00 NOTE
r-release-windows-x86_64 0.5 13.00 114.00 127.00 NOTE
r-oldrel-macos-arm64 0.5 38.00 NOTE
r-oldrel-windows-x86_64 0.5 14.00 117.00 131.00 NOTE

Check Details

Version: 0.5
Check: LazyData
Result: NOTE 'LazyData' is specified without a 'data' directory Flavors: r-devel-linux-x86_64-debian-clang, r-devel-linux-x86_64-debian-gcc, r-devel-linux-x86_64-fedora-clang, r-devel-linux-x86_64-fedora-gcc, r-devel-windows-x86_64, r-patched-linux-x86_64, r-release-linux-x86_64, r-release-macos-arm64, r-release-macos-x86_64, r-release-windows-x86_64, r-oldrel-macos-arm64, r-oldrel-windows-x86_64