CRAN Package Check Results for Package medfate

Last updated on 2020-11-27 18:47:40 CET.

Flavor Version Tinstall Tcheck Ttotal Status Flags
r-devel-linux-x86_64-debian-clang 1.1.0 325.67 330.39 656.06 OK
r-devel-linux-x86_64-debian-gcc 1.1.0 661.06 242.52 903.58 OK
r-devel-linux-x86_64-fedora-clang 1.1.0 905.97 NOTE
r-devel-linux-x86_64-fedora-gcc 1.1.0 979.80 OK
r-devel-windows-ix86+x86_64 1.1.0 738.00 358.00 1096.00 NOTE
r-patched-linux-x86_64 1.1.0 735.22 310.48 1045.70 OK
r-patched-solaris-x86 1.1.0 979.80 OK
r-release-linux-x86_64 1.1.0 719.73 321.88 1041.61 OK
r-release-macos-x86_64 1.1.0 NOTE
r-release-windows-ix86+x86_64 1.1.0 746.00 447.00 1193.00 NOTE
r-oldrel-macos-x86_64 1.1.0 NOTE
r-oldrel-windows-ix86+x86_64 1.1.0 565.00 476.00 1041.00 NOTE

Check Details

Version: 1.1.0
Check: installed package size
Result: NOTE
     installed size is 36.1Mb
     sub-directories of 1Mb or more:
     libs 34.3Mb
Flavors: r-devel-linux-x86_64-fedora-clang, r-devel-windows-ix86+x86_64, r-release-macos-x86_64, r-release-windows-ix86+x86_64, r-oldrel-macos-x86_64, r-oldrel-windows-ix86+x86_64