CRAN Package Check Results for Package mediation

Last updated on 2022-01-23 07:14:05 CET.

Flavor Version Tinstall Tcheck Ttotal Status Flags
r-devel-linux-x86_64-debian-clang 4.5.0 23.19 348.01 371.20 OK
r-devel-linux-x86_64-debian-gcc 4.5.0 20.39 258.20 278.59 OK
r-devel-linux-x86_64-fedora-clang 4.5.0 443.06 OK
r-devel-linux-x86_64-fedora-gcc 4.5.0 432.91 OK
r-devel-windows-x86_64-new-UL 4.5.0 80.00 425.00 505.00 OK
r-devel-windows-x86_64-new-TK 4.5.0 ERROR
r-patched-linux-x86_64 4.5.0 16.93 334.02 350.95 OK
r-release-linux-x86_64 4.5.0 18.11 329.36 347.47 OK
r-release-macos-arm64 4.5.0 OK
r-release-macos-x86_64 4.5.0 OK
r-release-windows-ix86+x86_64 4.5.0 46.00 437.00 483.00 OK
r-oldrel-macos-x86_64 4.5.0 OK
r-oldrel-windows-ix86+x86_64 4.5.0 56.00 437.00 493.00 OK

Check Details

Version: 4.5.0
Check: package dependencies
Result: ERROR
    Package required but not available: 'lme4'
    
    See section 'The DESCRIPTION file' in the 'Writing R Extensions'
    manual.
Flavor: r-devel-windows-x86_64-new-TK