CRAN Package Check Results for Package meltr

Last updated on 2022-01-25 22:57:02 CET.

Flavor Version Tinstall Tcheck Ttotal Status Flags
r-devel-linux-x86_64-debian-clang 1.0.0 38.20 62.95 101.15 OK
r-devel-linux-x86_64-debian-gcc 1.0.0 35.48 43.56 79.04 OK
r-devel-linux-x86_64-fedora-clang 1.0.0 143.54 NOTE
r-devel-linux-x86_64-fedora-gcc 1.0.0 115.70 NOTE
r-devel-windows-x86_64-new-UL 1.0.0 85.00 95.00 180.00 OK
r-devel-windows-x86_64-new-TK 1.0.0 NOTE
r-patched-linux-x86_64 1.0.0 47.06 53.45 100.51 OK
r-release-linux-x86_64 1.0.0 40.67 52.78 93.45 OK
r-release-macos-arm64 1.0.0 NOTE
r-release-macos-x86_64 1.0.0 NOTE
r-release-windows-ix86+x86_64 1.0.0 121.00 103.00 224.00 OK
r-oldrel-macos-x86_64 1.0.0 NOTE
r-oldrel-windows-ix86+x86_64 1.0.0 121.00 105.00 226.00 OK

Check Details

Version: 1.0.0
Check: dependencies in R code
Result: NOTE
    Namespaces in Imports field not imported from:
     ‘R6’ ‘rlang’
     All declared Imports should be used.
Flavors: r-devel-linux-x86_64-fedora-clang, r-devel-linux-x86_64-fedora-gcc, r-devel-windows-x86_64-new-TK, r-release-macos-arm64, r-release-macos-x86_64, r-oldrel-macos-x86_64