CRAN Package Check Results for Package memisc

Last updated on 2019-12-10 08:48:25 CET.

Flavor Version Tinstall Tcheck Ttotal Status Flags
r-devel-linux-x86_64-debian-clang 0.99.20.1 30.60 217.79 248.39 OK
r-devel-linux-x86_64-debian-gcc 0.99.20.1 26.16 170.05 196.21 OK
r-devel-linux-x86_64-fedora-clang 0.99.20.1 301.04 NOTE
r-devel-linux-x86_64-fedora-gcc 0.99.20.1 291.49 OK
r-devel-windows-ix86+x86_64 0.99.20.1 58.00 245.00 303.00 NOTE
r-devel-windows-ix86+x86_64-gcc8 0.99.20.1 60.00 268.00 328.00 NOTE
r-patched-linux-x86_64 0.99.20.1 27.44 200.61 228.05 OK
r-patched-solaris-x86 0.99.20.1 244.00 NOTE
r-release-linux-x86_64 0.99.20.1 25.06 201.21 226.27 OK
r-release-windows-ix86+x86_64 0.99.20.1 54.00 163.00 217.00 NOTE
r-release-osx-x86_64 0.99.20.1 NOTE
r-oldrel-windows-ix86+x86_64 0.99.20.1 47.00 157.00 204.00 NOTE
r-oldrel-osx-x86_64 0.99.20.1 NOTE

Additional issues

gcc10 LTO

Check Details

Version: 0.99.20.1
Check: installed package size
Result: NOTE
     installed size is 5.2Mb
     sub-directories of 1Mb or more:
     R 1.2Mb
     doc 3.1Mb
Flavors: r-devel-linux-x86_64-fedora-clang, r-devel-windows-ix86+x86_64, r-devel-windows-ix86+x86_64-gcc8, r-patched-solaris-x86, r-release-windows-ix86+x86_64, r-release-osx-x86_64, r-oldrel-windows-ix86+x86_64, r-oldrel-osx-x86_64