CRAN Package Check Results for Package memochange

Last updated on 2022-05-19 09:53:17 CEST.

Flavor Version Tinstall Tcheck Ttotal Status Flags
r-devel-linux-x86_64-debian-clang 1.1.1 5.59 142.34 147.93 NOTE
r-devel-linux-x86_64-debian-gcc 1.1.1 4.85 100.42 105.27 NOTE
r-devel-linux-x86_64-fedora-clang 1.1.1 171.67 NOTE
r-devel-linux-x86_64-fedora-gcc 1.1.1 169.44 NOTE
r-devel-windows-x86_64 1.1.1 40.00 162.00 202.00 NOTE
r-patched-linux-x86_64 1.1.1 7.06 135.12 142.18 NOTE
r-release-linux-x86_64 1.1.1 4.63 134.75 139.38 NOTE
r-release-macos-arm64 1.1.1 49.00 NOTE
r-release-macos-x86_64 1.1.1 86.00 NOTE
r-release-windows-x86_64 1.1.1 46.00 156.00 202.00 NOTE
r-oldrel-macos-arm64 1.1.1 49.00 NOTE
r-oldrel-macos-x86_64 1.1.1 91.00 NOTE
r-oldrel-windows-ix86+x86_64 1.1.1 12.00 158.00 170.00 NOTE

Check Details

Version: 1.1.1
Check: LazyData
Result: NOTE
     'LazyData' is specified without a 'data' directory
Flavors: r-devel-linux-x86_64-debian-clang, r-devel-linux-x86_64-debian-gcc, r-devel-linux-x86_64-fedora-clang, r-devel-linux-x86_64-fedora-gcc, r-devel-windows-x86_64, r-patched-linux-x86_64, r-release-linux-x86_64, r-release-macos-arm64, r-release-macos-x86_64, r-release-windows-x86_64, r-oldrel-macos-arm64, r-oldrel-macos-x86_64, r-oldrel-windows-ix86+x86_64

Version: 1.1.1
Check: dependencies in R code
Result: NOTE
    Namespace in Imports field not imported from: ‘urca’
     All declared Imports should be used.
Flavors: r-devel-linux-x86_64-fedora-clang, r-devel-linux-x86_64-fedora-gcc, r-release-macos-arm64, r-release-macos-x86_64, r-oldrel-macos-arm64, r-oldrel-macos-x86_64