CRAN Package Check Results for Package messydates

Last updated on 2022-01-23 01:56:17 CET.

Flavor Version Tinstall Tcheck Ttotal Status Flags
r-devel-linux-x86_64-debian-clang 0.2.0 6.70 64.72 71.42 OK
r-devel-linux-x86_64-debian-gcc 0.2.0 4.57 49.24 53.81 OK
r-devel-linux-x86_64-fedora-clang 0.2.0 87.16 NOTE
r-devel-linux-x86_64-fedora-gcc 0.2.0 73.49 NOTE
r-devel-windows-x86_64-new-UL 0.2.0 70.00 82.00 152.00 OK
r-devel-windows-x86_64-new-TK 0.2.0 NOTE
r-patched-linux-x86_64 0.2.0 4.36 60.69 65.05 OK
r-release-linux-x86_64 0.2.0 5.13 60.53 65.66 OK
r-release-macos-arm64 0.2.0 NOTE
r-release-macos-x86_64 0.2.0 NOTE
r-release-windows-ix86+x86_64 0.2.0 14.00 73.00 87.00 OK
r-oldrel-macos-x86_64 0.2.0 NOTE
r-oldrel-windows-ix86+x86_64 0.2.0 16.00 76.00 92.00 OK

Check Details

Version: 0.2.0
Check: data for non-ASCII characters
Result: NOTE
     Note: found 1 marked UTF-8 string
Flavors: r-devel-linux-x86_64-fedora-clang, r-devel-linux-x86_64-fedora-gcc, r-devel-windows-x86_64-new-TK, r-release-macos-arm64, r-release-macos-x86_64, r-oldrel-macos-x86_64