Last updated on 2022-05-17 21:50:51 CEST.
Flavor | Version | Tinstall | Tcheck | Ttotal | Status | Flags |
---|---|---|---|---|---|---|
r-devel-linux-x86_64-debian-clang | 5.2-0 | 51.63 | 279.09 | 330.72 | OK | |
r-devel-linux-x86_64-debian-gcc | 5.2-0 | 42.45 | 208.71 | 251.16 | OK | |
r-devel-linux-x86_64-fedora-clang | 5.2-0 | 399.28 | NOTE | |||
r-devel-linux-x86_64-fedora-gcc | 5.2-0 | 383.00 | OK | |||
r-devel-windows-x86_64 | 5.2-0 | 65.00 | 275.00 | 340.00 | OK | |
r-patched-linux-x86_64 | 5.2-0 | 46.15 | 269.55 | 315.70 | OK | |
r-release-linux-x86_64 | 5.2-0 | 42.34 | 265.53 | 307.87 | OK | |
r-release-macos-arm64 | 5.2-0 | 95.00 | OK | |||
r-release-macos-x86_64 | 5.2-0 | 152.00 | OK | |||
r-release-windows-x86_64 | 5.2-0 | 71.00 | 282.00 | 353.00 | OK | |
r-oldrel-macos-arm64 | 5.2-0 | 93.00 | OK | |||
r-oldrel-macos-x86_64 | 5.2-0 | 119.00 | OK | |||
r-oldrel-windows-ix86+x86_64 | 5.2-0 | 78.00 | 284.00 | 362.00 | OK |
Version: 5.2-0
Check: Rd cross-references
Result: NOTE
Undeclared packages ‘netmeta’, ‘metasens’, ‘robumeta’ in Rd xrefs
Flavor: r-devel-linux-x86_64-fedora-clang