Last updated on 2022-06-27 14:53:48 CEST.
Flavor | Version | Tinstall | Tcheck | Ttotal | Status | Flags |
---|---|---|---|---|---|---|
r-devel-linux-x86_64-debian-clang | 2.1.1 | 14.75 | 92.77 | 107.52 | NOTE | |
r-devel-linux-x86_64-debian-gcc | 2.1.1 | 12.52 | 69.07 | 81.59 | NOTE | |
r-devel-linux-x86_64-fedora-clang | 2.1.1 | 141.02 | OK | |||
r-devel-linux-x86_64-fedora-gcc | 2.1.1 | 139.27 | OK | |||
r-devel-windows-x86_64 | 2.1.1 | 93.00 | 109.00 | 202.00 | NOTE | |
r-patched-linux-x86_64 | 2.1.1 | 15.61 | 87.14 | 102.75 | NOTE | |
r-release-linux-x86_64 | 2.1.1 | 16.96 | 86.24 | 103.20 | NOTE | |
r-release-macos-arm64 | 2.1.1 | 36.00 | NOTE | |||
r-release-macos-x86_64 | 2.1.1 | 62.00 | NOTE | |||
r-release-windows-x86_64 | 2.1.1 | 83.00 | 110.00 | 193.00 | NOTE | |
r-oldrel-macos-arm64 | 2.1.1 | 209.00 | NOTE | |||
r-oldrel-macos-x86_64 | 2.1.1 | 49.00 | NOTE | |||
r-oldrel-windows-ix86+x86_64 | 2.1.1 | 28.00 | 108.00 | 136.00 | OK |
Version: 2.1.1
Check: package dependencies
Result: NOTE
Package suggested but not available for checking: 'INLA'
Flavors: r-devel-linux-x86_64-debian-clang, r-devel-linux-x86_64-debian-gcc, r-devel-windows-x86_64, r-patched-linux-x86_64, r-release-linux-x86_64, r-release-macos-arm64, r-release-macos-x86_64, r-release-windows-x86_64, r-oldrel-macos-arm64, r-oldrel-macos-x86_64