Last updated on 2021-03-01 00:46:43 CET.
Flavor | Version | Tinstall | Tcheck | Ttotal | Status | Flags |
---|---|---|---|---|---|---|
r-devel-linux-x86_64-debian-clang | 0.6.6 | NOTE | ||||
r-devel-linux-x86_64-debian-gcc | 0.6.6 | 759.86 | 230.04 | 989.90 | NOTE | |
r-devel-linux-x86_64-fedora-clang | 0.6.6 | 1603.16 | NOTE | |||
r-devel-linux-x86_64-fedora-gcc | 0.6.6 | 1778.51 | NOTE | |||
r-devel-windows-ix86+x86_64 | 0.6.6 | 1354.00 | 410.00 | 1764.00 | NOTE | |
r-patched-linux-x86_64 | 0.6.6 | 666.35 | 299.50 | 965.85 | NOTE | |
r-patched-solaris-x86 | 0.6.6 | 1459.50 | NOTE | |||
r-release-linux-x86_64 | 0.6.6 | 683.37 | 296.32 | 979.69 | NOTE | |
r-release-macos-x86_64 | 0.6.6 | NOTE | ||||
r-release-windows-ix86+x86_64 | 0.6.6 | 2008.00 | 573.00 | 2581.00 | NOTE | |
r-oldrel-macos-x86_64 | 0.6.6 | NOTE | ||||
r-oldrel-windows-ix86+x86_64 | 0.6.6 | 1419.00 | 493.00 | 1912.00 | NOTE |
Version: 0.6.6
Check: for GNU extensions in Makefiles
Result: NOTE
GNU make is a SystemRequirements.
Flavors: r-devel-linux-x86_64-debian-clang, r-devel-linux-x86_64-debian-gcc, r-devel-linux-x86_64-fedora-clang, r-devel-linux-x86_64-fedora-gcc, r-devel-windows-ix86+x86_64, r-patched-linux-x86_64, r-patched-solaris-x86, r-release-linux-x86_64, r-release-macos-x86_64, r-release-windows-ix86+x86_64, r-oldrel-macos-x86_64, r-oldrel-windows-ix86+x86_64
Version: 0.6.6
Check: installed package size
Result: NOTE
installed size is 132.6Mb
sub-directories of 1Mb or more:
libs 131.9Mb
Flavors: r-devel-linux-x86_64-fedora-clang, r-devel-windows-ix86+x86_64, r-patched-solaris-x86, r-release-macos-x86_64, r-release-windows-ix86+x86_64, r-oldrel-macos-x86_64, r-oldrel-windows-ix86+x86_64