CRAN Package Check Results for Package metamicrobiomeR

Last updated on 2022-08-12 03:53:31 CEST.

Flavor Version Tinstall Tcheck Ttotal Status Flags
r-devel-linux-x86_64-debian-clang 1.2 14.92 207.66 222.58 OK
r-devel-linux-x86_64-debian-gcc 1.2 11.73 151.47 163.20 OK
r-devel-linux-x86_64-fedora-clang 1.2 278.88 NOTE
r-devel-linux-x86_64-fedora-gcc 1.2 280.75 NOTE
r-devel-windows-x86_64 1.2 78.00 227.00 305.00 OK
r-patched-linux-x86_64 1.2 14.20 194.07 208.27 OK
r-release-linux-x86_64 1.2 12.63 195.43 208.06 OK
r-release-macos-arm64 1.2 72.00 NOTE
r-release-macos-x86_64 1.2 120.00 NOTE
r-release-windows-x86_64 1.2 88.00 217.00 305.00 OK
r-oldrel-macos-arm64 1.2 94.00 NOTE
r-oldrel-macos-x86_64 1.2 137.00 NOTE
r-oldrel-windows-ix86+x86_64 1.2 34.00 223.00 257.00 OK

Check Details

Version: 1.2
Check: dependencies in R code
Result: NOTE
    Namespace in Imports field not imported from: ‘lmerTest’
     All declared Imports should be used.
Flavors: r-devel-linux-x86_64-fedora-clang, r-devel-linux-x86_64-fedora-gcc, r-release-macos-arm64, r-release-macos-x86_64, r-oldrel-macos-arm64, r-oldrel-macos-x86_64