CRAN Package Check Results for Package metapack

Last updated on 2022-01-22 08:49:16 CET.

Flavor Version Tinstall Tcheck Ttotal Status Flags
r-devel-linux-x86_64-debian-clang 0.1.5 460.55 80.02 540.57 OK
r-devel-linux-x86_64-debian-gcc 0.1.5 352.77 62.39 415.16 OK
r-devel-linux-x86_64-fedora-clang 0.1.5 829.72 NOTE
r-devel-linux-x86_64-fedora-gcc 0.1.5 739.67 OK
r-devel-windows-x86_64-new-UL 0.1.5 345.00 133.00 478.00 OK
r-devel-windows-x86_64-new-TK 0.1.5 OK
r-patched-linux-x86_64 0.1.5 390.27 77.03 467.30 OK
r-release-linux-x86_64 0.1.5 407.02 78.94 485.96 OK
r-release-macos-arm64 0.1.5 NOTE
r-release-macos-x86_64 0.1.5 NOTE
r-release-windows-ix86+x86_64 0.1.5 1079.00 134.00 1213.00 NOTE
r-oldrel-macos-x86_64 0.1.5 NOTE
r-oldrel-windows-ix86+x86_64 0.1.5 1076.00 135.00 1211.00 NOTE

Check Details

Version: 0.1.5
Check: installed package size
Result: NOTE
     installed size is 27.6Mb
     sub-directories of 1Mb or more:
     libs 27.2Mb
Flavors: r-devel-linux-x86_64-fedora-clang, r-release-macos-arm64, r-release-macos-x86_64, r-release-windows-ix86+x86_64, r-oldrel-macos-x86_64, r-oldrel-windows-ix86+x86_64