CRAN Package Check Results for Package metaprotr

Last updated on 2021-05-14 16:47:35 CEST.

Flavor Version Tinstall Tcheck Ttotal Status Flags
r-devel-linux-x86_64-debian-clang 1.2.2 9.88 76.19 86.07 OK
r-devel-linux-x86_64-debian-gcc 1.2.2 8.72 55.83 64.55 OK
r-devel-linux-x86_64-fedora-clang 1.2.2 115.63 NOTE
r-devel-linux-x86_64-fedora-gcc 1.2.2 98.40 NOTE
r-devel-windows-ix86+x86_64 1.2.2 22.00 69.00 91.00 OK
r-devel-windows-x86_64-gcc10-UCRT 1.2.2 NOTE
r-patched-linux-x86_64 1.2.2 10.75 72.10 82.85 OK
r-patched-solaris-x86 1.2.2 135.60 NOTE
r-release-linux-x86_64 1.2.2 9.70 70.91 80.61 OK
r-release-macos-x86_64 1.2.2 NOTE
r-release-windows-ix86+x86_64 1.2.2 17.00 102.00 119.00 OK
r-oldrel-macos-x86_64 1.2.2 NOTE
r-oldrel-windows-ix86+x86_64 1.2.2 17.00 92.00 109.00 OK

Check Details

Version: 1.2.2
Check: dependencies in R code
Result: NOTE
    Namespaces in Imports field not imported from:
     ‘ade4’ ‘dendextend’ ‘ggforce’ ‘ggrepel’ ‘stringr’ ‘tidyverse’
     All declared Imports should be used.
Flavors: r-devel-linux-x86_64-fedora-clang, r-devel-linux-x86_64-fedora-gcc, r-devel-windows-x86_64-gcc10-UCRT, r-patched-solaris-x86, r-release-macos-x86_64, r-oldrel-macos-x86_64